{"id":9608,"date":"2023-01-06T16:09:02","date_gmt":"2023-01-06T15:09:02","guid":{"rendered":"https:\/\/trendsandvision.nl\/fr\/product\/esschert-design-vers-de-farine-seches-125g\/"},"modified":"2026-04-22T15:43:43","modified_gmt":"2026-04-22T13:43:43","slug":"esschert-design-vers-de-farine-seches-125g","status":"publish","type":"product","link":"https:\/\/trendsandvision.nl\/fr\/product\/esschert-design-vers-de-farine-seches-125g\/","title":{"rendered":"Esschert Design Vers de farine s\u00e9ch\u00e9s 125g"},"content":{"rendered":"<p>Ces vers de farine sont tr\u00e8s nutritifs pour les oiseaux du jardin. Les vers de farine sont remplis de prot\u00e9ines. Les vers de farine conviennent \u00e9galement pour nourrir les \u00e9cureuils. De cette mani\u00e8re, ces vers de farine assurent la biodiversit\u00e9 au jardin.  <\/p>\n<p>&#8211; Prot\u00e9ine suppl\u00e9mentaire pour les oiseaux &#8211; Convient \u00e9galement aux \u00e9cureuils<\/p>\n","protected":false},"excerpt":{"rendered":"<p>Ces vers de farine sont tr\u00e8s nutritifs pour les oiseaux du jardin. Les vers de farine sont remplis d&#8230;<\/p>\n","protected":false},"featured_media":9609,"template":"","meta":[],"product_brand":[7842,7843],"product_cat":[1307],"product_tag":[],"class_list":{"0":"post-9608","1":"product","2":"type-product","3":"status-publish","4":"has-post-thumbnail","6":"product_brand-esschert-design","7":"product_brand-trends-vision","8":"product_cat-best-for-birds","9":"pa_code-ean-5497","10":"pa_dimensions-140x31x220-cm","11":"pa_fabricant-esschert-design","12":"pa_materiel-vers-de-farine-seches","14":"first","15":"instock","16":"sale","17":"taxable","18":"shipping-taxable","19":"purchasable","20":"product-type-simple","21":"czr-hentry"},"yoast_head":"<!-- This site is optimized with the Yoast SEO Premium plugin v27.4 (Yoast SEO v27.5) - https:\/\/yoast.com\/product\/yoast-seo-premium-wordpress\/ -->\n<title>Esschert Design Vers de farine s\u00e9ch\u00e9s 125g (FB916, 8714982210921) - Trends &amp; Vision<\/title>\n<meta name=\"description\" content=\"Esschert Design Vers de farine s\u00e9ch\u00e9s 125g (FB916, 8714982210921) - Ces vers de farine sont tr\u00e8s nutritifs pour les oiseaux du jardin. Les vers de farine sont remplis d...\" \/>\n<meta name=\"robots\" content=\"index, follow, max-snippet:-1, max-image-preview:large, max-video-preview:-1\" \/>\n<link rel=\"canonical\" href=\"https:\/\/trendsandvision.nl\/fr\/product\/esschert-design-vers-de-farine-seches-125g\/\" \/>\n<meta property=\"og:locale\" content=\"fr_FR\" \/>\n<meta property=\"og:type\" content=\"article\" \/>\n<meta property=\"og:title\" content=\"Esschert Design Vers de farine s\u00e9ch\u00e9s 125g\" \/>\n<meta property=\"og:description\" content=\"Esschert Design Vers de farine s\u00e9ch\u00e9s 125g (FB916, 8714982210921) - Ces vers de farine sont tr\u00e8s nutritifs pour les oiseaux du jardin. Les vers de farine sont remplis d...\" \/>\n<meta property=\"og:url\" content=\"https:\/\/trendsandvision.nl\/fr\/product\/esschert-design-vers-de-farine-seches-125g\/\" \/>\n<meta property=\"og:site_name\" content=\"Trends &amp; Vision (FR)\" \/>\n<meta property=\"article:modified_time\" content=\"2026-04-22T13:43:43+00:00\" \/>\n<meta property=\"og:image\" content=\"https:\/\/trendsandvision.nl\/fr\/wp-content\/uploads\/sites\/4\/2023\/01\/FB916_01.jpg\" \/>\n\t<meta property=\"og:image:width\" content=\"800\" \/>\n\t<meta property=\"og:image:height\" content=\"800\" \/>\n\t<meta property=\"og:image:type\" content=\"image\/jpeg\" \/>\n<meta name=\"twitter:card\" content=\"summary_large_image\" \/>\n<script type=\"application\/ld+json\" class=\"yoast-schema-graph\">{\"@context\":\"https:\\\/\\\/schema.org\",\"@graph\":[{\"@type\":\"WebPage\",\"@id\":\"https:\\\/\\\/trendsandvision.nl\\\/fr\\\/product\\\/esschert-design-vers-de-farine-seches-125g\\\/\",\"url\":\"https:\\\/\\\/trendsandvision.nl\\\/fr\\\/product\\\/esschert-design-vers-de-farine-seches-125g\\\/\",\"name\":\"Esschert Design Vers de farine s\u00e9ch\u00e9s 125g (FB916, 8714982210921) - Trends & Vision\",\"isPartOf\":{\"@id\":\"https:\\\/\\\/trendsandvision.nl\\\/fr\\\/#website\"},\"primaryImageOfPage\":{\"@id\":\"https:\\\/\\\/trendsandvision.nl\\\/fr\\\/product\\\/esschert-design-vers-de-farine-seches-125g\\\/#primaryimage\"},\"image\":{\"@id\":\"https:\\\/\\\/trendsandvision.nl\\\/fr\\\/product\\\/esschert-design-vers-de-farine-seches-125g\\\/#primaryimage\"},\"thumbnailUrl\":\"https:\\\/\\\/trendsandvision.nl\\\/fr\\\/wp-content\\\/uploads\\\/sites\\\/4\\\/2023\\\/01\\\/FB916_01.jpg\",\"datePublished\":\"2023-01-06T15:09:02+00:00\",\"dateModified\":\"2026-04-22T13:43:43+00:00\",\"description\":\"Esschert Design Vers de farine s\u00e9ch\u00e9s 125g (FB916, 8714982210921) - Ces vers de farine sont tr\u00e8s nutritifs pour les oiseaux du jardin. Les vers de farine sont remplis d...\",\"breadcrumb\":{\"@id\":\"https:\\\/\\\/trendsandvision.nl\\\/fr\\\/product\\\/esschert-design-vers-de-farine-seches-125g\\\/#breadcrumb\"},\"inLanguage\":\"fr-FR\",\"potentialAction\":[{\"@type\":\"ReadAction\",\"target\":[\"https:\\\/\\\/trendsandvision.nl\\\/fr\\\/product\\\/esschert-design-vers-de-farine-seches-125g\\\/\"]}]},{\"@type\":\"ImageObject\",\"inLanguage\":\"fr-FR\",\"@id\":\"https:\\\/\\\/trendsandvision.nl\\\/fr\\\/product\\\/esschert-design-vers-de-farine-seches-125g\\\/#primaryimage\",\"url\":\"https:\\\/\\\/trendsandvision.nl\\\/fr\\\/wp-content\\\/uploads\\\/sites\\\/4\\\/2023\\\/01\\\/FB916_01.jpg\",\"contentUrl\":\"https:\\\/\\\/trendsandvision.nl\\\/fr\\\/wp-content\\\/uploads\\\/sites\\\/4\\\/2023\\\/01\\\/FB916_01.jpg\",\"width\":800,\"height\":800,\"caption\":\"Esschert Design Vers de farine s\u00e9ch\u00e9s 125g (FB916 8714982210921) - 01\"},{\"@type\":\"BreadcrumbList\",\"@id\":\"https:\\\/\\\/trendsandvision.nl\\\/fr\\\/product\\\/esschert-design-vers-de-farine-seches-125g\\\/#breadcrumb\",\"itemListElement\":[{\"@type\":\"ListItem\",\"position\":1,\"name\":\"Home\",\"item\":\"https:\\\/\\\/trendsandvision.nl\\\/fr\\\/\"},{\"@type\":\"ListItem\",\"position\":2,\"name\":\"le magasin\",\"item\":\"https:\\\/\\\/trendsandvision.nl\\\/fr\\\/le-magasin\\\/\"},{\"@type\":\"ListItem\",\"position\":3,\"name\":\"Esschert Design Vers de farine s\u00e9ch\u00e9s 125g\"}]},{\"@type\":\"WebSite\",\"@id\":\"https:\\\/\\\/trendsandvision.nl\\\/fr\\\/#website\",\"url\":\"https:\\\/\\\/trendsandvision.nl\\\/fr\\\/\",\"name\":\"Trends &amp; Vision (FR)\",\"description\":\"La boutique en ligne pour les articles Esschert Design\",\"publisher\":{\"@id\":\"https:\\\/\\\/trendsandvision.nl\\\/fr\\\/#organization\"},\"potentialAction\":[{\"@type\":\"SearchAction\",\"target\":{\"@type\":\"EntryPoint\",\"urlTemplate\":\"https:\\\/\\\/trendsandvision.nl\\\/fr\\\/?s={search_term_string}\"},\"query-input\":{\"@type\":\"PropertyValueSpecification\",\"valueRequired\":true,\"valueName\":\"search_term_string\"}}],\"inLanguage\":\"fr-FR\"},{\"@type\":\"Organization\",\"@id\":\"https:\\\/\\\/trendsandvision.nl\\\/fr\\\/#organization\",\"name\":\"Trends &amp; Vision (FR)\",\"url\":\"https:\\\/\\\/trendsandvision.nl\\\/fr\\\/\",\"logo\":{\"@type\":\"ImageObject\",\"inLanguage\":\"fr-FR\",\"@id\":\"https:\\\/\\\/trendsandvision.nl\\\/fr\\\/#\\\/schema\\\/logo\\\/image\\\/\",\"url\":\"https:\\\/\\\/trendsandvision.nl\\\/fr\\\/wp-content\\\/uploads\\\/sites\\\/4\\\/2022\\\/10\\\/trends-and-vision-logo.jpg\",\"contentUrl\":\"https:\\\/\\\/trendsandvision.nl\\\/fr\\\/wp-content\\\/uploads\\\/sites\\\/4\\\/2022\\\/10\\\/trends-and-vision-logo.jpg\",\"width\":213,\"height\":100,\"caption\":\"Trends &amp; Vision (FR)\"},\"image\":{\"@id\":\"https:\\\/\\\/trendsandvision.nl\\\/fr\\\/#\\\/schema\\\/logo\\\/image\\\/\"}}]}<\/script>\n<!-- \/ Yoast SEO Premium plugin. -->","yoast_head_json":{"title":"Esschert Design Vers de farine s\u00e9ch\u00e9s 125g (FB916, 8714982210921) - Trends & Vision","description":"Esschert Design Vers de farine s\u00e9ch\u00e9s 125g (FB916, 8714982210921) - Ces vers de farine sont tr\u00e8s nutritifs pour les oiseaux du jardin. Les vers de farine sont remplis d...","robots":{"index":"index","follow":"follow","max-snippet":"max-snippet:-1","max-image-preview":"max-image-preview:large","max-video-preview":"max-video-preview:-1"},"canonical":"https:\/\/trendsandvision.nl\/fr\/product\/esschert-design-vers-de-farine-seches-125g\/","og_locale":"fr_FR","og_type":"article","og_title":"Esschert Design Vers de farine s\u00e9ch\u00e9s 125g","og_description":"Esschert Design Vers de farine s\u00e9ch\u00e9s 125g (FB916, 8714982210921) - Ces vers de farine sont tr\u00e8s nutritifs pour les oiseaux du jardin. Les vers de farine sont remplis d...","og_url":"https:\/\/trendsandvision.nl\/fr\/product\/esschert-design-vers-de-farine-seches-125g\/","og_site_name":"Trends &amp; Vision (FR)","article_modified_time":"2026-04-22T13:43:43+00:00","og_image":[{"width":800,"height":800,"url":"https:\/\/trendsandvision.nl\/fr\/wp-content\/uploads\/sites\/4\/2023\/01\/FB916_01.jpg","type":"image\/jpeg"}],"twitter_card":"summary_large_image","schema":{"@context":"https:\/\/schema.org","@graph":[{"@type":"WebPage","@id":"https:\/\/trendsandvision.nl\/fr\/product\/esschert-design-vers-de-farine-seches-125g\/","url":"https:\/\/trendsandvision.nl\/fr\/product\/esschert-design-vers-de-farine-seches-125g\/","name":"Esschert Design Vers de farine s\u00e9ch\u00e9s 125g (FB916, 8714982210921) - Trends & Vision","isPartOf":{"@id":"https:\/\/trendsandvision.nl\/fr\/#website"},"primaryImageOfPage":{"@id":"https:\/\/trendsandvision.nl\/fr\/product\/esschert-design-vers-de-farine-seches-125g\/#primaryimage"},"image":{"@id":"https:\/\/trendsandvision.nl\/fr\/product\/esschert-design-vers-de-farine-seches-125g\/#primaryimage"},"thumbnailUrl":"https:\/\/trendsandvision.nl\/fr\/wp-content\/uploads\/sites\/4\/2023\/01\/FB916_01.jpg","datePublished":"2023-01-06T15:09:02+00:00","dateModified":"2026-04-22T13:43:43+00:00","description":"Esschert Design Vers de farine s\u00e9ch\u00e9s 125g (FB916, 8714982210921) - Ces vers de farine sont tr\u00e8s nutritifs pour les oiseaux du jardin. Les vers de farine sont remplis d...","breadcrumb":{"@id":"https:\/\/trendsandvision.nl\/fr\/product\/esschert-design-vers-de-farine-seches-125g\/#breadcrumb"},"inLanguage":"fr-FR","potentialAction":[{"@type":"ReadAction","target":["https:\/\/trendsandvision.nl\/fr\/product\/esschert-design-vers-de-farine-seches-125g\/"]}]},{"@type":"ImageObject","inLanguage":"fr-FR","@id":"https:\/\/trendsandvision.nl\/fr\/product\/esschert-design-vers-de-farine-seches-125g\/#primaryimage","url":"https:\/\/trendsandvision.nl\/fr\/wp-content\/uploads\/sites\/4\/2023\/01\/FB916_01.jpg","contentUrl":"https:\/\/trendsandvision.nl\/fr\/wp-content\/uploads\/sites\/4\/2023\/01\/FB916_01.jpg","width":800,"height":800,"caption":"Esschert Design Vers de farine s\u00e9ch\u00e9s 125g (FB916 8714982210921) - 01"},{"@type":"BreadcrumbList","@id":"https:\/\/trendsandvision.nl\/fr\/product\/esschert-design-vers-de-farine-seches-125g\/#breadcrumb","itemListElement":[{"@type":"ListItem","position":1,"name":"Home","item":"https:\/\/trendsandvision.nl\/fr\/"},{"@type":"ListItem","position":2,"name":"le magasin","item":"https:\/\/trendsandvision.nl\/fr\/le-magasin\/"},{"@type":"ListItem","position":3,"name":"Esschert Design Vers de farine s\u00e9ch\u00e9s 125g"}]},{"@type":"WebSite","@id":"https:\/\/trendsandvision.nl\/fr\/#website","url":"https:\/\/trendsandvision.nl\/fr\/","name":"Trends &amp; Vision (FR)","description":"La boutique en ligne pour les articles Esschert Design","publisher":{"@id":"https:\/\/trendsandvision.nl\/fr\/#organization"},"potentialAction":[{"@type":"SearchAction","target":{"@type":"EntryPoint","urlTemplate":"https:\/\/trendsandvision.nl\/fr\/?s={search_term_string}"},"query-input":{"@type":"PropertyValueSpecification","valueRequired":true,"valueName":"search_term_string"}}],"inLanguage":"fr-FR"},{"@type":"Organization","@id":"https:\/\/trendsandvision.nl\/fr\/#organization","name":"Trends &amp; Vision (FR)","url":"https:\/\/trendsandvision.nl\/fr\/","logo":{"@type":"ImageObject","inLanguage":"fr-FR","@id":"https:\/\/trendsandvision.nl\/fr\/#\/schema\/logo\/image\/","url":"https:\/\/trendsandvision.nl\/fr\/wp-content\/uploads\/sites\/4\/2022\/10\/trends-and-vision-logo.jpg","contentUrl":"https:\/\/trendsandvision.nl\/fr\/wp-content\/uploads\/sites\/4\/2022\/10\/trends-and-vision-logo.jpg","width":213,"height":100,"caption":"Trends &amp; Vision (FR)"},"image":{"@id":"https:\/\/trendsandvision.nl\/fr\/#\/schema\/logo\/image\/"}}]}},"_links":{"self":[{"href":"https:\/\/trendsandvision.nl\/fr\/wp-json\/wp\/v2\/product\/9608","targetHints":{"allow":["GET"]}}],"collection":[{"href":"https:\/\/trendsandvision.nl\/fr\/wp-json\/wp\/v2\/product"}],"about":[{"href":"https:\/\/trendsandvision.nl\/fr\/wp-json\/wp\/v2\/types\/product"}],"wp:featuredmedia":[{"embeddable":true,"href":"https:\/\/trendsandvision.nl\/fr\/wp-json\/wp\/v2\/media\/9609"}],"wp:attachment":[{"href":"https:\/\/trendsandvision.nl\/fr\/wp-json\/wp\/v2\/media?parent=9608"}],"wp:term":[{"taxonomy":"product_brand","embeddable":true,"href":"https:\/\/trendsandvision.nl\/fr\/wp-json\/wp\/v2\/product_brand?post=9608"},{"taxonomy":"product_cat","embeddable":true,"href":"https:\/\/trendsandvision.nl\/fr\/wp-json\/wp\/v2\/product_cat?post=9608"},{"taxonomy":"product_tag","embeddable":true,"href":"https:\/\/trendsandvision.nl\/fr\/wp-json\/wp\/v2\/product_tag?post=9608"}],"curies":[{"name":"wp","href":"https:\/\/api.w.org\/{rel}","templated":true}]}}

Esschert Design Vers de farine séchés 125g

<p>Ces vers de farine sont très nutritifs pour les oiseaux du jardin. Les vers de farine sont remplis de protéines. Les vers de farine conviennent également pour nourrir les écureuils. De cette manière, ces vers de farine assurent la biodiversité au jardin.  </p>
<p>&#8211; Protéine supplémentaire pour les oiseaux &#8211; Convient également aux écureuils</p>

<p>Ces vers de farine sont très nutritifs pour les oiseaux du jardin. Les vers de farine sont remplis d&#8230;</p>

<!-- This site is optimized with the Yoast SEO Premium plugin v27.4 (Yoast SEO v27.5) - https://yoast.com/product/yoast-seo-premium-wordpress/ -->
<title>Esschert Design Vers de farine séchés 125g (FB916, 8714982210921) - Trends &amp; Vision</title>
<meta name="description" content="Esschert Design Vers de farine séchés 125g (FB916, 8714982210921) - Ces vers de farine sont très nutritifs pour les oiseaux du jardin. Les vers de farine sont remplis d..." />
<meta name="robots" content="index, follow, max-snippet:-1, max-image-preview:large, max-video-preview:-1" />
<link rel="canonical" href="https://trendsandvision.nl/fr/product/esschert-design-vers-de-farine-seches-125g/" />
<meta property="og:locale" content="fr_FR" />
<meta property="og:type" content="article" />
<meta property="og:title" content="Esschert Design Vers de farine séchés 125g" />
<meta property="og:description" content="Esschert Design Vers de farine séchés 125g (FB916, 8714982210921) - Ces vers de farine sont très nutritifs pour les oiseaux du jardin. Les vers de farine sont remplis d..." />
<meta property="og:url" content="https://trendsandvision.nl/fr/product/esschert-design-vers-de-farine-seches-125g/" />
<meta property="og:site_name" content="Trends &amp; Vision (FR)" />
<meta property="article:modified_time" content="2026-04-22T13:43:43+00:00" />
<meta property="og:image" content="https://trendsandvision.nl/fr/wp-content/uploads/sites/4/2023/01/FB916_01.jpg" />
	<meta property="og:image:width" content="800" />
	<meta property="og:image:height" content="800" />
	<meta property="og:image:type" content="image/jpeg" />
<meta name="twitter:card" content="summary_large_image" />
<script type="application/ld+json" class="yoast-schema-graph">{"@context":"https:\/\/schema.org","@graph":[{"@type":"WebPage","@id":"https:\/\/trendsandvision.nl\/fr\/product\/esschert-design-vers-de-farine-seches-125g\/","url":"https:\/\/trendsandvision.nl\/fr\/product\/esschert-design-vers-de-farine-seches-125g\/","name":"Esschert Design Vers de farine séchés 125g (FB916, 8714982210921) - Trends & Vision","isPartOf":{"@id":"https:\/\/trendsandvision.nl\/fr\/#website"},"primaryImageOfPage":{"@id":"https:\/\/trendsandvision.nl\/fr\/product\/esschert-design-vers-de-farine-seches-125g\/#primaryimage"},"image":{"@id":"https:\/\/trendsandvision.nl\/fr\/product\/esschert-design-vers-de-farine-seches-125g\/#primaryimage"},"thumbnailUrl":"https:\/\/trendsandvision.nl\/fr\/wp-content\/uploads\/sites\/4\/2023\/01\/FB916_01.jpg","datePublished":"2023-01-06T15:09:02+00:00","dateModified":"2026-04-22T13:43:43+00:00","description":"Esschert Design Vers de farine séchés 125g (FB916, 8714982210921) - Ces vers de farine sont très nutritifs pour les oiseaux du jardin. Les vers de farine sont remplis d...","breadcrumb":{"@id":"https:\/\/trendsandvision.nl\/fr\/product\/esschert-design-vers-de-farine-seches-125g\/#breadcrumb"},"inLanguage":"fr-FR","potentialAction":[{"@type":"ReadAction","target":["https:\/\/trendsandvision.nl\/fr\/product\/esschert-design-vers-de-farine-seches-125g\/"]}]},{"@type":"ImageObject","inLanguage":"fr-FR","@id":"https:\/\/trendsandvision.nl\/fr\/product\/esschert-design-vers-de-farine-seches-125g\/#primaryimage","url":"https:\/\/trendsandvision.nl\/fr\/wp-content\/uploads\/sites\/4\/2023\/01\/FB916_01.jpg","contentUrl":"https:\/\/trendsandvision.nl\/fr\/wp-content\/uploads\/sites\/4\/2023\/01\/FB916_01.jpg","width":800,"height":800,"caption":"Esschert Design Vers de farine séchés 125g (FB916 8714982210921) - 01"},{"@type":"BreadcrumbList","@id":"https:\/\/trendsandvision.nl\/fr\/product\/esschert-design-vers-de-farine-seches-125g\/#breadcrumb","itemListElement":[{"@type":"ListItem","position":1,"name":"Home","item":"https:\/\/trendsandvision.nl\/fr\/"},{"@type":"ListItem","position":2,"name":"le magasin","item":"https:\/\/trendsandvision.nl\/fr\/le-magasin\/"},{"@type":"ListItem","position":3,"name":"Esschert Design Vers de farine séchés 125g"}]},{"@type":"WebSite","@id":"https:\/\/trendsandvision.nl\/fr\/#website","url":"https:\/\/trendsandvision.nl\/fr\/","name":"Trends &amp; Vision (FR)","description":"La boutique en ligne pour les articles Esschert Design","publisher":{"@id":"https:\/\/trendsandvision.nl\/fr\/#organization"},"potentialAction":[{"@type":"SearchAction","target":{"@type":"EntryPoint","urlTemplate":"https:\/\/trendsandvision.nl\/fr\/?s={search_term_string}"},"query-input":{"@type":"PropertyValueSpecification","valueRequired":true,"valueName":"search_term_string"}}],"inLanguage":"fr-FR"},{"@type":"Organization","@id":"https:\/\/trendsandvision.nl\/fr\/#organization","name":"Trends &amp; Vision (FR)","url":"https:\/\/trendsandvision.nl\/fr\/","logo":{"@type":"ImageObject","inLanguage":"fr-FR","@id":"https:\/\/trendsandvision.nl\/fr\/#\/schema\/logo\/image\/","url":"https:\/\/trendsandvision.nl\/fr\/wp-content\/uploads\/sites\/4\/2022\/10\/trends-and-vision-logo.jpg","contentUrl":"https:\/\/trendsandvision.nl\/fr\/wp-content\/uploads\/sites\/4\/2022\/10\/trends-and-vision-logo.jpg","width":213,"height":100,"caption":"Trends &amp; Vision (FR)"},"image":{"@id":"https:\/\/trendsandvision.nl\/fr\/#\/schema\/logo\/image\/"}}]}</script>
<!-- / Yoast SEO Premium plugin. -->

Esschert Design Vers de farine séchés 125g (FB916, 8714982210921) - Trends & Vision

Esschert Design Vers de farine séchés 125g (FB916, 8714982210921) - Ces vers de farine sont très nutritifs pour les oiseaux du jardin. Les vers de farine sont remplis d...

Esschert Design Vers de farine séchés 125g (FB916 8714982210921) - 01
