{"id":4969,"date":"2022-04-22T18:33:14","date_gmt":"2022-04-22T16:33:14","guid":{"rendered":"https:\/\/trendsandvision.nl\/de\/product\/esschert-design-gartenseife-im-glas\/"},"modified":"2025-10-05T10:56:42","modified_gmt":"2025-10-05T08:56:42","slug":"esschert-design-gartenseife-im-glas","status":"publish","type":"product","link":"https:\/\/trendsandvision.nl\/de\/product\/esschert-design-gartenseife-im-glas\/","title":{"rendered":"Esschert Design Gartenseife im Glas"},"content":{"rendered":"<p>Marmeladengl\u00e4ser sind nicht nur in der K\u00fcche anzutreffen, sondern sind auch sehr praktisch zur Aufbewahrung von kleinen Gegenst\u00e4nden oder Gartenzubeh\u00f6r.<br \/>\nDank des Labels mit einem nostalgischen Druck und des transparenten Glases ist es nicht nur eine Freude f\u00fcrs Auge sondern kann man so auf einen Blick erkennen, was sich in dem Glas befindet.<br \/>\nDie kleinen G\u00e4rtnerseifenbl\u00f6cke in diesem Glas, sorgen nach der Gartenarbeit daf\u00fcr, dass Ihre H\u00e4nde wieder gr\u00fcndlich gereinigt werden.<br \/>\nDank des Bimssteins in der Seife wird selbst hartn\u00e4ckiger Schmutz von der Haut entfernt.<br \/>\nDar\u00fcber hinaus enth\u00e4lt die Seife nat\u00fcrliche, pflanzliche \u00d6le, die eine pflegende Wirkung f\u00fcr die Haut haben.<\/p>\n<p>Artikelname: 7 G\u00e4rtnerseifenbl\u00f6cke im Glas<br \/>\nArtikelnummer: GT95<br \/>\nProduktgruppe(n) Kultivierung, Werkzeuge, Pers\u00f6nliche Pflege<br \/>\nProduktabmessungen in cm L 7,9 x T 7,9 x H 13,5<br \/>\nVolumen in Litern 0,4<br \/>\nMaterial: Glas, Wei\u00dfblech, Palm\u00f6l, Kokos\u00f6l, Bimsstein, Glycerin, Parfum, Chloride, Zusatzstoffe<br \/>\nNettogewicht 0,483 kg<br \/>\nBarcode 8714982096983<\/p>\n<p>Alle unsere artikel f\u00fcr G\u00e4rtner &amp; <strong><a href=\"https:\/\/trendsandvision.nl\/de\/?s=Pers\u00f6nliche+Pflege&amp;post_type=product&amp;dgwt_wcas=1\">pers\u00f6nliche Pflege<\/a><\/strong><\/p>\n","protected":false},"excerpt":{"rendered":"<p>Artikelnummer: GT95<br \/>\nL 7,9 x T 7,9 x H 13,5 cm<br \/>\n7 G\u00e4rtnerseifenbl\u00f6cke<br \/>\nVolumen in Litern 0,4<br \/>\nMaterial siehe Langbeschreibung<br \/>\nNettogewicht 0,483 kg<br \/>\nBarcode 8714982096983<\/p>\n","protected":false},"featured_media":4970,"template":"","meta":[],"product_brand":[9597,9598],"product_cat":[751],"product_tag":[6823,7477,7478,7302,7845],"class_list":{"0":"post-4969","1":"product","2":"type-product","3":"status-publish","4":"has-post-thumbnail","6":"product_brand-esschert-design","7":"product_brand-trends-and-vision","8":"product_cat-garden-tools","9":"product_tag-gartenseife","10":"product_tag-glas","11":"product_tag-persoenliche-pflege","12":"product_tag-reinigung","13":"product_tag-wiederverschliessbar","14":"pa_anbieter-esschert-design","15":"pa_ean-code-2931","16":"pa_messungen-80x80x134-cm","18":"first","19":"instock","20":"sale","21":"taxable","22":"shipping-taxable","23":"purchasable","24":"product-type-simple","25":"czr-hentry"},"yoast_head":"<!-- This site is optimized with the Yoast SEO Premium plugin v27.4 (Yoast SEO v27.5) - https:\/\/yoast.com\/product\/yoast-seo-premium-wordpress\/ -->\n<title>Esschert Design Gartenseife im Glas (GT95, 8714982096983) - Trends &amp; Vision<\/title>\n<meta name=\"description\" content=\"Esschert Design Gartenseife im Glas:\" \/>\n<meta name=\"robots\" content=\"index, follow, max-snippet:-1, max-image-preview:large, max-video-preview:-1\" \/>\n<link rel=\"canonical\" href=\"https:\/\/trendsandvision.nl\/de\/product\/esschert-design-gartenseife-im-glas\/\" \/>\n<meta property=\"og:locale\" content=\"de_DE\" \/>\n<meta property=\"og:type\" content=\"article\" \/>\n<meta property=\"og:title\" content=\"Esschert Design Gartenseife im Glas\" \/>\n<meta property=\"og:description\" content=\"Esschert Design Gartenseife im Glas:\" \/>\n<meta property=\"og:url\" content=\"https:\/\/trendsandvision.nl\/de\/product\/esschert-design-gartenseife-im-glas\/\" \/>\n<meta property=\"og:site_name\" content=\"Trends &amp; Vision (DE)\" \/>\n<meta property=\"article:modified_time\" content=\"2025-10-05T08:56:42+00:00\" \/>\n<meta property=\"og:image\" content=\"https:\/\/trendsandvision.nl\/de\/wp-content\/uploads\/sites\/3\/2022\/04\/GT95_01.jpg\" \/>\n\t<meta property=\"og:image:width\" content=\"800\" \/>\n\t<meta property=\"og:image:height\" content=\"800\" \/>\n\t<meta property=\"og:image:type\" content=\"image\/jpeg\" \/>\n<meta name=\"twitter:card\" content=\"summary_large_image\" \/>\n<meta name=\"twitter:label1\" content=\"Gesch\u00e4tzte Lesezeit\" \/>\n\t<meta name=\"twitter:data1\" content=\"2\u00a0Minuten\" \/>\n<script type=\"application\/ld+json\" class=\"yoast-schema-graph\">{\"@context\":\"https:\\\/\\\/schema.org\",\"@graph\":[{\"@type\":\"WebPage\",\"@id\":\"https:\\\/\\\/trendsandvision.nl\\\/de\\\/product\\\/esschert-design-gartenseife-im-glas\\\/\",\"url\":\"https:\\\/\\\/trendsandvision.nl\\\/de\\\/product\\\/esschert-design-gartenseife-im-glas\\\/\",\"name\":\"Esschert Design Gartenseife im Glas (GT95, 8714982096983) - Trends & Vision\",\"isPartOf\":{\"@id\":\"https:\\\/\\\/trendsandvision.nl\\\/de\\\/#website\"},\"primaryImageOfPage\":{\"@id\":\"https:\\\/\\\/trendsandvision.nl\\\/de\\\/product\\\/esschert-design-gartenseife-im-glas\\\/#primaryimage\"},\"image\":{\"@id\":\"https:\\\/\\\/trendsandvision.nl\\\/de\\\/product\\\/esschert-design-gartenseife-im-glas\\\/#primaryimage\"},\"thumbnailUrl\":\"https:\\\/\\\/trendsandvision.nl\\\/de\\\/wp-content\\\/uploads\\\/sites\\\/3\\\/2022\\\/04\\\/GT95_01.jpg\",\"datePublished\":\"2022-04-22T16:33:14+00:00\",\"dateModified\":\"2025-10-05T08:56:42+00:00\",\"description\":\"Esschert Design Gartenseife im Glas:\",\"breadcrumb\":{\"@id\":\"https:\\\/\\\/trendsandvision.nl\\\/de\\\/product\\\/esschert-design-gartenseife-im-glas\\\/#breadcrumb\"},\"inLanguage\":\"de\",\"potentialAction\":[{\"@type\":\"ReadAction\",\"target\":[\"https:\\\/\\\/trendsandvision.nl\\\/de\\\/product\\\/esschert-design-gartenseife-im-glas\\\/\"]}]},{\"@type\":\"ImageObject\",\"inLanguage\":\"de\",\"@id\":\"https:\\\/\\\/trendsandvision.nl\\\/de\\\/product\\\/esschert-design-gartenseife-im-glas\\\/#primaryimage\",\"url\":\"https:\\\/\\\/trendsandvision.nl\\\/de\\\/wp-content\\\/uploads\\\/sites\\\/3\\\/2022\\\/04\\\/GT95_01.jpg\",\"contentUrl\":\"https:\\\/\\\/trendsandvision.nl\\\/de\\\/wp-content\\\/uploads\\\/sites\\\/3\\\/2022\\\/04\\\/GT95_01.jpg\",\"width\":800,\"height\":800,\"caption\":\"Esschert Design Gartenseife im Glas (GT95\"},{\"@type\":\"BreadcrumbList\",\"@id\":\"https:\\\/\\\/trendsandvision.nl\\\/de\\\/product\\\/esschert-design-gartenseife-im-glas\\\/#breadcrumb\",\"itemListElement\":[{\"@type\":\"ListItem\",\"position\":1,\"name\":\"Home\",\"item\":\"https:\\\/\\\/trendsandvision.nl\\\/de\\\/\"},{\"@type\":\"ListItem\",\"position\":2,\"name\":\"Gesch\u00e4ft\",\"item\":\"https:\\\/\\\/trendsandvision.nl\\\/de\\\/geschaft\\\/\"},{\"@type\":\"ListItem\",\"position\":3,\"name\":\"Esschert Design Gartenseife im Glas\"}]},{\"@type\":\"WebSite\",\"@id\":\"https:\\\/\\\/trendsandvision.nl\\\/de\\\/#website\",\"url\":\"https:\\\/\\\/trendsandvision.nl\\\/de\\\/\",\"name\":\"Trends &amp; Vision (DE)\",\"description\":\"Der Webshop f\u00fcr Esschert Design Artikel\",\"publisher\":{\"@id\":\"https:\\\/\\\/trendsandvision.nl\\\/de\\\/#organization\"},\"potentialAction\":[{\"@type\":\"SearchAction\",\"target\":{\"@type\":\"EntryPoint\",\"urlTemplate\":\"https:\\\/\\\/trendsandvision.nl\\\/de\\\/?s={search_term_string}\"},\"query-input\":{\"@type\":\"PropertyValueSpecification\",\"valueRequired\":true,\"valueName\":\"search_term_string\"}}],\"inLanguage\":\"de\"},{\"@type\":\"Organization\",\"@id\":\"https:\\\/\\\/trendsandvision.nl\\\/de\\\/#organization\",\"name\":\"Trends &amp; Vision (DE)\",\"url\":\"https:\\\/\\\/trendsandvision.nl\\\/de\\\/\",\"logo\":{\"@type\":\"ImageObject\",\"inLanguage\":\"de\",\"@id\":\"https:\\\/\\\/trendsandvision.nl\\\/de\\\/#\\\/schema\\\/logo\\\/image\\\/\",\"url\":\"https:\\\/\\\/trendsandvision.nl\\\/de\\\/wp-content\\\/uploads\\\/sites\\\/3\\\/2022\\\/04\\\/trends-and-vision-logo.jpg\",\"contentUrl\":\"https:\\\/\\\/trendsandvision.nl\\\/de\\\/wp-content\\\/uploads\\\/sites\\\/3\\\/2022\\\/04\\\/trends-and-vision-logo.jpg\",\"width\":213,\"height\":100,\"caption\":\"Trends &amp; Vision (DE)\"},\"image\":{\"@id\":\"https:\\\/\\\/trendsandvision.nl\\\/de\\\/#\\\/schema\\\/logo\\\/image\\\/\"}}]}<\/script>\n<!-- \/ Yoast SEO Premium plugin. -->","yoast_head_json":{"title":"Esschert Design Gartenseife im Glas (GT95, 8714982096983) - Trends & Vision","description":"Esschert Design Gartenseife im Glas:","robots":{"index":"index","follow":"follow","max-snippet":"max-snippet:-1","max-image-preview":"max-image-preview:large","max-video-preview":"max-video-preview:-1"},"canonical":"https:\/\/trendsandvision.nl\/de\/product\/esschert-design-gartenseife-im-glas\/","og_locale":"de_DE","og_type":"article","og_title":"Esschert Design Gartenseife im Glas","og_description":"Esschert Design Gartenseife im Glas:","og_url":"https:\/\/trendsandvision.nl\/de\/product\/esschert-design-gartenseife-im-glas\/","og_site_name":"Trends &amp; Vision (DE)","article_modified_time":"2025-10-05T08:56:42+00:00","og_image":[{"width":800,"height":800,"url":"https:\/\/trendsandvision.nl\/de\/wp-content\/uploads\/sites\/3\/2022\/04\/GT95_01.jpg","type":"image\/jpeg"}],"twitter_card":"summary_large_image","twitter_misc":{"Gesch\u00e4tzte Lesezeit":"2\u00a0Minuten"},"schema":{"@context":"https:\/\/schema.org","@graph":[{"@type":"WebPage","@id":"https:\/\/trendsandvision.nl\/de\/product\/esschert-design-gartenseife-im-glas\/","url":"https:\/\/trendsandvision.nl\/de\/product\/esschert-design-gartenseife-im-glas\/","name":"Esschert Design Gartenseife im Glas (GT95, 8714982096983) - Trends & Vision","isPartOf":{"@id":"https:\/\/trendsandvision.nl\/de\/#website"},"primaryImageOfPage":{"@id":"https:\/\/trendsandvision.nl\/de\/product\/esschert-design-gartenseife-im-glas\/#primaryimage"},"image":{"@id":"https:\/\/trendsandvision.nl\/de\/product\/esschert-design-gartenseife-im-glas\/#primaryimage"},"thumbnailUrl":"https:\/\/trendsandvision.nl\/de\/wp-content\/uploads\/sites\/3\/2022\/04\/GT95_01.jpg","datePublished":"2022-04-22T16:33:14+00:00","dateModified":"2025-10-05T08:56:42+00:00","description":"Esschert Design Gartenseife im Glas:","breadcrumb":{"@id":"https:\/\/trendsandvision.nl\/de\/product\/esschert-design-gartenseife-im-glas\/#breadcrumb"},"inLanguage":"de","potentialAction":[{"@type":"ReadAction","target":["https:\/\/trendsandvision.nl\/de\/product\/esschert-design-gartenseife-im-glas\/"]}]},{"@type":"ImageObject","inLanguage":"de","@id":"https:\/\/trendsandvision.nl\/de\/product\/esschert-design-gartenseife-im-glas\/#primaryimage","url":"https:\/\/trendsandvision.nl\/de\/wp-content\/uploads\/sites\/3\/2022\/04\/GT95_01.jpg","contentUrl":"https:\/\/trendsandvision.nl\/de\/wp-content\/uploads\/sites\/3\/2022\/04\/GT95_01.jpg","width":800,"height":800,"caption":"Esschert Design Gartenseife im Glas (GT95"},{"@type":"BreadcrumbList","@id":"https:\/\/trendsandvision.nl\/de\/product\/esschert-design-gartenseife-im-glas\/#breadcrumb","itemListElement":[{"@type":"ListItem","position":1,"name":"Home","item":"https:\/\/trendsandvision.nl\/de\/"},{"@type":"ListItem","position":2,"name":"Gesch\u00e4ft","item":"https:\/\/trendsandvision.nl\/de\/geschaft\/"},{"@type":"ListItem","position":3,"name":"Esschert Design Gartenseife im Glas"}]},{"@type":"WebSite","@id":"https:\/\/trendsandvision.nl\/de\/#website","url":"https:\/\/trendsandvision.nl\/de\/","name":"Trends &amp; Vision (DE)","description":"Der Webshop f\u00fcr Esschert Design Artikel","publisher":{"@id":"https:\/\/trendsandvision.nl\/de\/#organization"},"potentialAction":[{"@type":"SearchAction","target":{"@type":"EntryPoint","urlTemplate":"https:\/\/trendsandvision.nl\/de\/?s={search_term_string}"},"query-input":{"@type":"PropertyValueSpecification","valueRequired":true,"valueName":"search_term_string"}}],"inLanguage":"de"},{"@type":"Organization","@id":"https:\/\/trendsandvision.nl\/de\/#organization","name":"Trends &amp; Vision (DE)","url":"https:\/\/trendsandvision.nl\/de\/","logo":{"@type":"ImageObject","inLanguage":"de","@id":"https:\/\/trendsandvision.nl\/de\/#\/schema\/logo\/image\/","url":"https:\/\/trendsandvision.nl\/de\/wp-content\/uploads\/sites\/3\/2022\/04\/trends-and-vision-logo.jpg","contentUrl":"https:\/\/trendsandvision.nl\/de\/wp-content\/uploads\/sites\/3\/2022\/04\/trends-and-vision-logo.jpg","width":213,"height":100,"caption":"Trends &amp; Vision (DE)"},"image":{"@id":"https:\/\/trendsandvision.nl\/de\/#\/schema\/logo\/image\/"}}]}},"_links":{"self":[{"href":"https:\/\/trendsandvision.nl\/de\/wp-json\/wp\/v2\/product\/4969","targetHints":{"allow":["GET"]}}],"collection":[{"href":"https:\/\/trendsandvision.nl\/de\/wp-json\/wp\/v2\/product"}],"about":[{"href":"https:\/\/trendsandvision.nl\/de\/wp-json\/wp\/v2\/types\/product"}],"wp:featuredmedia":[{"embeddable":true,"href":"https:\/\/trendsandvision.nl\/de\/wp-json\/wp\/v2\/media\/4970"}],"wp:attachment":[{"href":"https:\/\/trendsandvision.nl\/de\/wp-json\/wp\/v2\/media?parent=4969"}],"wp:term":[{"taxonomy":"product_brand","embeddable":true,"href":"https:\/\/trendsandvision.nl\/de\/wp-json\/wp\/v2\/product_brand?post=4969"},{"taxonomy":"product_cat","embeddable":true,"href":"https:\/\/trendsandvision.nl\/de\/wp-json\/wp\/v2\/product_cat?post=4969"},{"taxonomy":"product_tag","embeddable":true,"href":"https:\/\/trendsandvision.nl\/de\/wp-json\/wp\/v2\/product_tag?post=4969"}],"curies":[{"name":"wp","href":"https:\/\/api.w.org\/{rel}","templated":true}]}}

<p>Marmeladengläser sind nicht nur in der Küche anzutreffen, sondern sind auch sehr praktisch zur Aufbewahrung von kleinen Gegenständen oder Gartenzubehör.<br />
Dank des Labels mit einem nostalgischen Druck und des transparenten Glases ist es nicht nur eine Freude fürs Auge sondern kann man so auf einen Blick erkennen, was sich in dem Glas befindet.<br />
Die kleinen Gärtnerseifenblöcke in diesem Glas, sorgen nach der Gartenarbeit dafür, dass Ihre Hände wieder gründlich gereinigt werden.<br />
Dank des Bimssteins in der Seife wird selbst hartnäckiger Schmutz von der Haut entfernt.<br />
Darüber hinaus enthält die Seife natürliche, pflanzliche Öle, die eine pflegende Wirkung für die Haut haben.</p>
<p>Artikelname: 7 Gärtnerseifenblöcke im Glas<br />
Artikelnummer: GT95<br />
Produktgruppe(n) Kultivierung, Werkzeuge, Persönliche Pflege<br />
Produktabmessungen in cm L 7,9 x T 7,9 x H 13,5<br />
Volumen in Litern 0,4<br />
Material: Glas, Weißblech, Palmöl, Kokosöl, Bimsstein, Glycerin, Parfum, Chloride, Zusatzstoffe<br />
Nettogewicht 0,483 kg<br />
Barcode 8714982096983</p>
<p>Alle unsere artikel für Gärtner &amp; <strong><a href="https://trendsandvision.nl/de/?s=Persönliche+Pflege&amp;post_type=product&amp;dgwt_wcas=1">persönliche Pflege</a></strong></p>

<p>Artikelnummer: GT95<br />
L 7,9 x T 7,9 x H 13,5 cm<br />
7 Gärtnerseifenblöcke<br />
Volumen in Litern 0,4<br />
Material siehe Langbeschreibung<br />
Nettogewicht 0,483 kg<br />
Barcode 8714982096983</p>

<!-- This site is optimized with the Yoast SEO Premium plugin v27.4 (Yoast SEO v27.5) - https://yoast.com/product/yoast-seo-premium-wordpress/ -->
<title>Esschert Design Gartenseife im Glas (GT95, 8714982096983) - Trends &amp; Vision</title>
<meta name="description" content="Esschert Design Gartenseife im Glas:" />
<meta name="robots" content="index, follow, max-snippet:-1, max-image-preview:large, max-video-preview:-1" />
<link rel="canonical" href="https://trendsandvision.nl/de/product/esschert-design-gartenseife-im-glas/" />
<meta property="og:locale" content="de_DE" />
<meta property="og:type" content="article" />
<meta property="og:title" content="Esschert Design Gartenseife im Glas" />
<meta property="og:description" content="Esschert Design Gartenseife im Glas:" />
<meta property="og:url" content="https://trendsandvision.nl/de/product/esschert-design-gartenseife-im-glas/" />
<meta property="og:site_name" content="Trends &amp; Vision (DE)" />
<meta property="article:modified_time" content="2025-10-05T08:56:42+00:00" />
<meta property="og:image" content="https://trendsandvision.nl/de/wp-content/uploads/sites/3/2022/04/GT95_01.jpg" />
	<meta property="og:image:width" content="800" />
	<meta property="og:image:height" content="800" />
	<meta property="og:image:type" content="image/jpeg" />
<meta name="twitter:card" content="summary_large_image" />
<meta name="twitter:label1" content="Geschätzte Lesezeit" />
	<meta name="twitter:data1" content="2 Minuten" />
<script type="application/ld+json" class="yoast-schema-graph">{"@context":"https:\/\/schema.org","@graph":[{"@type":"WebPage","@id":"https:\/\/trendsandvision.nl\/de\/product\/esschert-design-gartenseife-im-glas\/","url":"https:\/\/trendsandvision.nl\/de\/product\/esschert-design-gartenseife-im-glas\/","name":"Esschert Design Gartenseife im Glas (GT95, 8714982096983) - Trends & Vision","isPartOf":{"@id":"https:\/\/trendsandvision.nl\/de\/#website"},"primaryImageOfPage":{"@id":"https:\/\/trendsandvision.nl\/de\/product\/esschert-design-gartenseife-im-glas\/#primaryimage"},"image":{"@id":"https:\/\/trendsandvision.nl\/de\/product\/esschert-design-gartenseife-im-glas\/#primaryimage"},"thumbnailUrl":"https:\/\/trendsandvision.nl\/de\/wp-content\/uploads\/sites\/3\/2022\/04\/GT95_01.jpg","datePublished":"2022-04-22T16:33:14+00:00","dateModified":"2025-10-05T08:56:42+00:00","description":"Esschert Design Gartenseife im Glas:","breadcrumb":{"@id":"https:\/\/trendsandvision.nl\/de\/product\/esschert-design-gartenseife-im-glas\/#breadcrumb"},"inLanguage":"de","potentialAction":[{"@type":"ReadAction","target":["https:\/\/trendsandvision.nl\/de\/product\/esschert-design-gartenseife-im-glas\/"]}]},{"@type":"ImageObject","inLanguage":"de","@id":"https:\/\/trendsandvision.nl\/de\/product\/esschert-design-gartenseife-im-glas\/#primaryimage","url":"https:\/\/trendsandvision.nl\/de\/wp-content\/uploads\/sites\/3\/2022\/04\/GT95_01.jpg","contentUrl":"https:\/\/trendsandvision.nl\/de\/wp-content\/uploads\/sites\/3\/2022\/04\/GT95_01.jpg","width":800,"height":800,"caption":"Esschert Design Gartenseife im Glas (GT95"},{"@type":"BreadcrumbList","@id":"https:\/\/trendsandvision.nl\/de\/product\/esschert-design-gartenseife-im-glas\/#breadcrumb","itemListElement":[{"@type":"ListItem","position":1,"name":"Home","item":"https:\/\/trendsandvision.nl\/de\/"},{"@type":"ListItem","position":2,"name":"Geschäft","item":"https:\/\/trendsandvision.nl\/de\/geschaft\/"},{"@type":"ListItem","position":3,"name":"Esschert Design Gartenseife im Glas"}]},{"@type":"WebSite","@id":"https:\/\/trendsandvision.nl\/de\/#website","url":"https:\/\/trendsandvision.nl\/de\/","name":"Trends &amp; Vision (DE)","description":"Der Webshop für Esschert Design Artikel","publisher":{"@id":"https:\/\/trendsandvision.nl\/de\/#organization"},"potentialAction":[{"@type":"SearchAction","target":{"@type":"EntryPoint","urlTemplate":"https:\/\/trendsandvision.nl\/de\/?s={search_term_string}"},"query-input":{"@type":"PropertyValueSpecification","valueRequired":true,"valueName":"search_term_string"}}],"inLanguage":"de"},{"@type":"Organization","@id":"https:\/\/trendsandvision.nl\/de\/#organization","name":"Trends &amp; Vision (DE)","url":"https:\/\/trendsandvision.nl\/de\/","logo":{"@type":"ImageObject","inLanguage":"de","@id":"https:\/\/trendsandvision.nl\/de\/#\/schema\/logo\/image\/","url":"https:\/\/trendsandvision.nl\/de\/wp-content\/uploads\/sites\/3\/2022\/04\/trends-and-vision-logo.jpg","contentUrl":"https:\/\/trendsandvision.nl\/de\/wp-content\/uploads\/sites\/3\/2022\/04\/trends-and-vision-logo.jpg","width":213,"height":100,"caption":"Trends &amp; Vision (DE)"},"image":{"@id":"https:\/\/trendsandvision.nl\/de\/#\/schema\/logo\/image\/"}}]}</script>
<!-- / Yoast SEO Premium plugin. -->

Geschäft

Der Webshop für Esschert Design Artikel
