{"id":4846,"date":"2022-04-22T18:30:16","date_gmt":"2022-04-22T16:30:16","guid":{"rendered":"https:\/\/trendsandvision.nl\/de\/product\/esschert-design-gartenseife\/"},"modified":"2026-04-22T15:06:27","modified_gmt":"2026-04-22T13:06:27","slug":"esschert-design-gartenseife","status":"publish","type":"product","link":"https:\/\/trendsandvision.nl\/de\/product\/esschert-design-gartenseife\/","title":{"rendered":"Esschert Design Gartenseife"},"content":{"rendered":"<p>Reinigen Sie Ihre H\u00e4nde nach harter Arbeit im Garten gr\u00fcndlich mit dieser speziellen Gartenseife.<br \/>\nDank des geschliffenen Bimssteins lassen sich selbst hartn\u00e4ckige Verschmutzungen problemlos von den H\u00e4nden l\u00f6sen.<br \/>\nDie Inhaltsstoffe, wie Pflanzen\u00f6le, versorgen die Haut optimal. Dar\u00fcber hinaus ist die Seife reinigend und bakterizid.<\/p>\n<p>Artikelname: Gartenseife mit Bimsstein verpackt in Metalldose<br \/>\nArtikelnummer: GT28<br \/>\nProduktgruppe(n) Garten&amp;Terrasse, Gartenger\u00e4te, Reinigungstools, Kultivierung, Werkzeuge, Pers\u00f6nliche Pflege<br \/>\nProduktabmessungen in cm L 6,2 x T 9,6 x H 3,7<br \/>\nMaterial: Natural coconut oil, Palm kernel oil, Spicery, Pumice stone, Glycerine and Tetrasodium EDTA (EDTA-4Na)<br \/>\nNettogewicht 0,15 kg<br \/>\nBarcode 8714982030727<\/p>\n<p>Alle unsere artikel f\u00fcr G\u00e4rtner &amp; <strong><a href=\"https:\/\/trendsandvision.nl\/de\/?s=Pers\u00f6nliche+Pflege&amp;post_type=product&amp;dgwt_wcas=1\">pers\u00f6nliche Pflege<\/a><\/strong><\/p>\n","protected":false},"excerpt":{"rendered":"<p>&#8211; Artikelnummer: GT28<br \/>\n&#8211; Verpackt in Metalldose<br \/>\n&#8211; Material: siehe Langbeschreibung<br \/>\n&#8211; Palm kernel oil,<br \/>\n&#8211; Nettogewicht 0,15 kg<br \/>\n&#8211; Barcode 8714982030727<\/p>\n","protected":false},"featured_media":4847,"template":"","meta":[],"product_brand":[9597,9598],"product_cat":[751],"product_tag":[8238,7478,7302,6994,7845],"class_list":{"0":"post-4846","1":"product","2":"type-product","3":"status-publish","4":"has-post-thumbnail","6":"product_brand-esschert-design","7":"product_brand-trends-and-vision","8":"product_cat-garden-tools","9":"product_tag-gartenseifen","10":"product_tag-persoenliche-pflege","11":"product_tag-reinigung","12":"product_tag-reinigungstools","13":"product_tag-wiederverschliessbar","14":"pa_anbieter-esschert-design","15":"pa_ean-code-2855","16":"pa_material-natural-coconut-oil-palm-kernel-oil-spicery-pumice-stone-glycerine-and-tetrasodium-edta-edta-4na","17":"pa_messungen-95x6x35-cm","19":"first","20":"instock","21":"sale","22":"taxable","23":"shipping-taxable","24":"purchasable","25":"product-type-simple","26":"czr-hentry"},"yoast_head":"<!-- This site is optimized with the Yoast SEO Premium plugin v27.4 (Yoast SEO v27.5) - https:\/\/yoast.com\/product\/yoast-seo-premium-wordpress\/ -->\n<title>Esschert Design Gartenseife (GT28, 8714982030727) - Trends &amp; Vision<\/title>\n<meta name=\"description\" content=\"Esschert Design Gartenseife: Gartenseife mit gemalenen Bimstein um die H\u00e4nde grundlich zu reinigen. Dieser Seife enth\u00e4lt pflanzli\" \/>\n<meta name=\"robots\" content=\"index, follow, max-snippet:-1, max-image-preview:large, max-video-preview:-1\" \/>\n<link rel=\"canonical\" href=\"https:\/\/trendsandvision.nl\/de\/product\/esschert-design-gartenseife\/\" \/>\n<meta property=\"og:locale\" content=\"de_DE\" \/>\n<meta property=\"og:type\" content=\"article\" \/>\n<meta property=\"og:title\" content=\"Esschert Design Gartenseife\" \/>\n<meta property=\"og:description\" content=\"Esschert Design Gartenseife: Gartenseife mit gemalenen Bimstein um die H\u00e4nde grundlich zu reinigen. Dieser Seife enth\u00e4lt pflanzli\" \/>\n<meta property=\"og:url\" content=\"https:\/\/trendsandvision.nl\/de\/product\/esschert-design-gartenseife\/\" \/>\n<meta property=\"og:site_name\" content=\"Trends &amp; Vision (DE)\" \/>\n<meta property=\"article:modified_time\" content=\"2026-04-22T13:06:27+00:00\" \/>\n<meta property=\"og:image\" content=\"https:\/\/trendsandvision.nl\/de\/wp-content\/uploads\/sites\/3\/2022\/04\/GT28_01.jpg\" \/>\n\t<meta property=\"og:image:width\" content=\"800\" \/>\n\t<meta property=\"og:image:height\" content=\"800\" \/>\n\t<meta property=\"og:image:type\" content=\"image\/jpeg\" \/>\n<meta name=\"twitter:card\" content=\"summary_large_image\" \/>\n<meta name=\"twitter:label1\" content=\"Gesch\u00e4tzte Lesezeit\" \/>\n\t<meta name=\"twitter:data1\" content=\"1\u00a0Minute\" \/>\n<script type=\"application\/ld+json\" class=\"yoast-schema-graph\">{\"@context\":\"https:\\\/\\\/schema.org\",\"@graph\":[{\"@type\":\"WebPage\",\"@id\":\"https:\\\/\\\/trendsandvision.nl\\\/de\\\/product\\\/esschert-design-gartenseife\\\/\",\"url\":\"https:\\\/\\\/trendsandvision.nl\\\/de\\\/product\\\/esschert-design-gartenseife\\\/\",\"name\":\"Esschert Design Gartenseife (GT28, 8714982030727) - Trends & Vision\",\"isPartOf\":{\"@id\":\"https:\\\/\\\/trendsandvision.nl\\\/de\\\/#website\"},\"primaryImageOfPage\":{\"@id\":\"https:\\\/\\\/trendsandvision.nl\\\/de\\\/product\\\/esschert-design-gartenseife\\\/#primaryimage\"},\"image\":{\"@id\":\"https:\\\/\\\/trendsandvision.nl\\\/de\\\/product\\\/esschert-design-gartenseife\\\/#primaryimage\"},\"thumbnailUrl\":\"https:\\\/\\\/trendsandvision.nl\\\/de\\\/wp-content\\\/uploads\\\/sites\\\/3\\\/2022\\\/04\\\/GT28_01.jpg\",\"datePublished\":\"2022-04-22T16:30:16+00:00\",\"dateModified\":\"2026-04-22T13:06:27+00:00\",\"description\":\"Esschert Design Gartenseife: Gartenseife mit gemalenen Bimstein um die H\u00e4nde grundlich zu reinigen. Dieser Seife enth\u00e4lt pflanzli\",\"breadcrumb\":{\"@id\":\"https:\\\/\\\/trendsandvision.nl\\\/de\\\/product\\\/esschert-design-gartenseife\\\/#breadcrumb\"},\"inLanguage\":\"de\",\"potentialAction\":[{\"@type\":\"ReadAction\",\"target\":[\"https:\\\/\\\/trendsandvision.nl\\\/de\\\/product\\\/esschert-design-gartenseife\\\/\"]}]},{\"@type\":\"ImageObject\",\"inLanguage\":\"de\",\"@id\":\"https:\\\/\\\/trendsandvision.nl\\\/de\\\/product\\\/esschert-design-gartenseife\\\/#primaryimage\",\"url\":\"https:\\\/\\\/trendsandvision.nl\\\/de\\\/wp-content\\\/uploads\\\/sites\\\/3\\\/2022\\\/04\\\/GT28_01.jpg\",\"contentUrl\":\"https:\\\/\\\/trendsandvision.nl\\\/de\\\/wp-content\\\/uploads\\\/sites\\\/3\\\/2022\\\/04\\\/GT28_01.jpg\",\"width\":800,\"height\":800,\"caption\":\"Esschert Design Gartenseife (GT28\"},{\"@type\":\"BreadcrumbList\",\"@id\":\"https:\\\/\\\/trendsandvision.nl\\\/de\\\/product\\\/esschert-design-gartenseife\\\/#breadcrumb\",\"itemListElement\":[{\"@type\":\"ListItem\",\"position\":1,\"name\":\"Home\",\"item\":\"https:\\\/\\\/trendsandvision.nl\\\/de\\\/\"},{\"@type\":\"ListItem\",\"position\":2,\"name\":\"Gesch\u00e4ft\",\"item\":\"https:\\\/\\\/trendsandvision.nl\\\/de\\\/geschaft\\\/\"},{\"@type\":\"ListItem\",\"position\":3,\"name\":\"Esschert Design Gartenseife\"}]},{\"@type\":\"WebSite\",\"@id\":\"https:\\\/\\\/trendsandvision.nl\\\/de\\\/#website\",\"url\":\"https:\\\/\\\/trendsandvision.nl\\\/de\\\/\",\"name\":\"Trends &amp; Vision (DE)\",\"description\":\"Der Webshop f\u00fcr Esschert Design Artikel\",\"publisher\":{\"@id\":\"https:\\\/\\\/trendsandvision.nl\\\/de\\\/#organization\"},\"potentialAction\":[{\"@type\":\"SearchAction\",\"target\":{\"@type\":\"EntryPoint\",\"urlTemplate\":\"https:\\\/\\\/trendsandvision.nl\\\/de\\\/?s={search_term_string}\"},\"query-input\":{\"@type\":\"PropertyValueSpecification\",\"valueRequired\":true,\"valueName\":\"search_term_string\"}}],\"inLanguage\":\"de\"},{\"@type\":\"Organization\",\"@id\":\"https:\\\/\\\/trendsandvision.nl\\\/de\\\/#organization\",\"name\":\"Trends &amp; Vision (DE)\",\"url\":\"https:\\\/\\\/trendsandvision.nl\\\/de\\\/\",\"logo\":{\"@type\":\"ImageObject\",\"inLanguage\":\"de\",\"@id\":\"https:\\\/\\\/trendsandvision.nl\\\/de\\\/#\\\/schema\\\/logo\\\/image\\\/\",\"url\":\"https:\\\/\\\/trendsandvision.nl\\\/de\\\/wp-content\\\/uploads\\\/sites\\\/3\\\/2022\\\/04\\\/trends-and-vision-logo.jpg\",\"contentUrl\":\"https:\\\/\\\/trendsandvision.nl\\\/de\\\/wp-content\\\/uploads\\\/sites\\\/3\\\/2022\\\/04\\\/trends-and-vision-logo.jpg\",\"width\":213,\"height\":100,\"caption\":\"Trends &amp; Vision (DE)\"},\"image\":{\"@id\":\"https:\\\/\\\/trendsandvision.nl\\\/de\\\/#\\\/schema\\\/logo\\\/image\\\/\"}}]}<\/script>\n<!-- \/ Yoast SEO Premium plugin. -->","yoast_head_json":{"title":"Esschert Design Gartenseife (GT28, 8714982030727) - Trends & Vision","description":"Esschert Design Gartenseife: Gartenseife mit gemalenen Bimstein um die H\u00e4nde grundlich zu reinigen. Dieser Seife enth\u00e4lt pflanzli","robots":{"index":"index","follow":"follow","max-snippet":"max-snippet:-1","max-image-preview":"max-image-preview:large","max-video-preview":"max-video-preview:-1"},"canonical":"https:\/\/trendsandvision.nl\/de\/product\/esschert-design-gartenseife\/","og_locale":"de_DE","og_type":"article","og_title":"Esschert Design Gartenseife","og_description":"Esschert Design Gartenseife: Gartenseife mit gemalenen Bimstein um die H\u00e4nde grundlich zu reinigen. Dieser Seife enth\u00e4lt pflanzli","og_url":"https:\/\/trendsandvision.nl\/de\/product\/esschert-design-gartenseife\/","og_site_name":"Trends &amp; Vision (DE)","article_modified_time":"2026-04-22T13:06:27+00:00","og_image":[{"width":800,"height":800,"url":"https:\/\/trendsandvision.nl\/de\/wp-content\/uploads\/sites\/3\/2022\/04\/GT28_01.jpg","type":"image\/jpeg"}],"twitter_card":"summary_large_image","twitter_misc":{"Gesch\u00e4tzte Lesezeit":"1\u00a0Minute"},"schema":{"@context":"https:\/\/schema.org","@graph":[{"@type":"WebPage","@id":"https:\/\/trendsandvision.nl\/de\/product\/esschert-design-gartenseife\/","url":"https:\/\/trendsandvision.nl\/de\/product\/esschert-design-gartenseife\/","name":"Esschert Design Gartenseife (GT28, 8714982030727) - Trends & Vision","isPartOf":{"@id":"https:\/\/trendsandvision.nl\/de\/#website"},"primaryImageOfPage":{"@id":"https:\/\/trendsandvision.nl\/de\/product\/esschert-design-gartenseife\/#primaryimage"},"image":{"@id":"https:\/\/trendsandvision.nl\/de\/product\/esschert-design-gartenseife\/#primaryimage"},"thumbnailUrl":"https:\/\/trendsandvision.nl\/de\/wp-content\/uploads\/sites\/3\/2022\/04\/GT28_01.jpg","datePublished":"2022-04-22T16:30:16+00:00","dateModified":"2026-04-22T13:06:27+00:00","description":"Esschert Design Gartenseife: Gartenseife mit gemalenen Bimstein um die H\u00e4nde grundlich zu reinigen. Dieser Seife enth\u00e4lt pflanzli","breadcrumb":{"@id":"https:\/\/trendsandvision.nl\/de\/product\/esschert-design-gartenseife\/#breadcrumb"},"inLanguage":"de","potentialAction":[{"@type":"ReadAction","target":["https:\/\/trendsandvision.nl\/de\/product\/esschert-design-gartenseife\/"]}]},{"@type":"ImageObject","inLanguage":"de","@id":"https:\/\/trendsandvision.nl\/de\/product\/esschert-design-gartenseife\/#primaryimage","url":"https:\/\/trendsandvision.nl\/de\/wp-content\/uploads\/sites\/3\/2022\/04\/GT28_01.jpg","contentUrl":"https:\/\/trendsandvision.nl\/de\/wp-content\/uploads\/sites\/3\/2022\/04\/GT28_01.jpg","width":800,"height":800,"caption":"Esschert Design Gartenseife (GT28"},{"@type":"BreadcrumbList","@id":"https:\/\/trendsandvision.nl\/de\/product\/esschert-design-gartenseife\/#breadcrumb","itemListElement":[{"@type":"ListItem","position":1,"name":"Home","item":"https:\/\/trendsandvision.nl\/de\/"},{"@type":"ListItem","position":2,"name":"Gesch\u00e4ft","item":"https:\/\/trendsandvision.nl\/de\/geschaft\/"},{"@type":"ListItem","position":3,"name":"Esschert Design Gartenseife"}]},{"@type":"WebSite","@id":"https:\/\/trendsandvision.nl\/de\/#website","url":"https:\/\/trendsandvision.nl\/de\/","name":"Trends &amp; Vision (DE)","description":"Der Webshop f\u00fcr Esschert Design Artikel","publisher":{"@id":"https:\/\/trendsandvision.nl\/de\/#organization"},"potentialAction":[{"@type":"SearchAction","target":{"@type":"EntryPoint","urlTemplate":"https:\/\/trendsandvision.nl\/de\/?s={search_term_string}"},"query-input":{"@type":"PropertyValueSpecification","valueRequired":true,"valueName":"search_term_string"}}],"inLanguage":"de"},{"@type":"Organization","@id":"https:\/\/trendsandvision.nl\/de\/#organization","name":"Trends &amp; Vision (DE)","url":"https:\/\/trendsandvision.nl\/de\/","logo":{"@type":"ImageObject","inLanguage":"de","@id":"https:\/\/trendsandvision.nl\/de\/#\/schema\/logo\/image\/","url":"https:\/\/trendsandvision.nl\/de\/wp-content\/uploads\/sites\/3\/2022\/04\/trends-and-vision-logo.jpg","contentUrl":"https:\/\/trendsandvision.nl\/de\/wp-content\/uploads\/sites\/3\/2022\/04\/trends-and-vision-logo.jpg","width":213,"height":100,"caption":"Trends &amp; Vision (DE)"},"image":{"@id":"https:\/\/trendsandvision.nl\/de\/#\/schema\/logo\/image\/"}}]}},"_links":{"self":[{"href":"https:\/\/trendsandvision.nl\/de\/wp-json\/wp\/v2\/product\/4846","targetHints":{"allow":["GET"]}}],"collection":[{"href":"https:\/\/trendsandvision.nl\/de\/wp-json\/wp\/v2\/product"}],"about":[{"href":"https:\/\/trendsandvision.nl\/de\/wp-json\/wp\/v2\/types\/product"}],"wp:featuredmedia":[{"embeddable":true,"href":"https:\/\/trendsandvision.nl\/de\/wp-json\/wp\/v2\/media\/4847"}],"wp:attachment":[{"href":"https:\/\/trendsandvision.nl\/de\/wp-json\/wp\/v2\/media?parent=4846"}],"wp:term":[{"taxonomy":"product_brand","embeddable":true,"href":"https:\/\/trendsandvision.nl\/de\/wp-json\/wp\/v2\/product_brand?post=4846"},{"taxonomy":"product_cat","embeddable":true,"href":"https:\/\/trendsandvision.nl\/de\/wp-json\/wp\/v2\/product_cat?post=4846"},{"taxonomy":"product_tag","embeddable":true,"href":"https:\/\/trendsandvision.nl\/de\/wp-json\/wp\/v2\/product_tag?post=4846"}],"curies":[{"name":"wp","href":"https:\/\/api.w.org\/{rel}","templated":true}]}}

<p>Reinigen Sie Ihre Hände nach harter Arbeit im Garten gründlich mit dieser speziellen Gartenseife.<br />
Dank des geschliffenen Bimssteins lassen sich selbst hartnäckige Verschmutzungen problemlos von den Händen lösen.<br />
Die Inhaltsstoffe, wie Pflanzenöle, versorgen die Haut optimal. Darüber hinaus ist die Seife reinigend und bakterizid.</p>
<p>Artikelname: Gartenseife mit Bimsstein verpackt in Metalldose<br />
Artikelnummer: GT28<br />
Produktgruppe(n) Garten&amp;Terrasse, Gartengeräte, Reinigungstools, Kultivierung, Werkzeuge, Persönliche Pflege<br />
Produktabmessungen in cm L 6,2 x T 9,6 x H 3,7<br />
Material: Natural coconut oil, Palm kernel oil, Spicery, Pumice stone, Glycerine and Tetrasodium EDTA (EDTA-4Na)<br />
Nettogewicht 0,15 kg<br />
Barcode 8714982030727</p>
<p>Alle unsere artikel für Gärtner &amp; <strong><a href="https://trendsandvision.nl/de/?s=Persönliche+Pflege&amp;post_type=product&amp;dgwt_wcas=1">persönliche Pflege</a></strong></p>

<!-- This site is optimized with the Yoast SEO Premium plugin v27.4 (Yoast SEO v27.5) - https://yoast.com/product/yoast-seo-premium-wordpress/ -->
<title>Esschert Design Gartenseife (GT28, 8714982030727) - Trends &amp; Vision</title>
<meta name="description" content="Esschert Design Gartenseife: Gartenseife mit gemalenen Bimstein um die Hände grundlich zu reinigen. Dieser Seife enthält pflanzli" />
<meta name="robots" content="index, follow, max-snippet:-1, max-image-preview:large, max-video-preview:-1" />
<link rel="canonical" href="https://trendsandvision.nl/de/product/esschert-design-gartenseife/" />
<meta property="og:locale" content="de_DE" />
<meta property="og:type" content="article" />
<meta property="og:title" content="Esschert Design Gartenseife" />
<meta property="og:description" content="Esschert Design Gartenseife: Gartenseife mit gemalenen Bimstein um die Hände grundlich zu reinigen. Dieser Seife enthält pflanzli" />
<meta property="og:url" content="https://trendsandvision.nl/de/product/esschert-design-gartenseife/" />
<meta property="og:site_name" content="Trends &amp; Vision (DE)" />
<meta property="article:modified_time" content="2026-04-22T13:06:27+00:00" />
<meta property="og:image" content="https://trendsandvision.nl/de/wp-content/uploads/sites/3/2022/04/GT28_01.jpg" />
	<meta property="og:image:width" content="800" />
	<meta property="og:image:height" content="800" />
	<meta property="og:image:type" content="image/jpeg" />
<meta name="twitter:card" content="summary_large_image" />
<meta name="twitter:label1" content="Geschätzte Lesezeit" />
	<meta name="twitter:data1" content="1 Minute" />
<script type="application/ld+json" class="yoast-schema-graph">{"@context":"https:\/\/schema.org","@graph":[{"@type":"WebPage","@id":"https:\/\/trendsandvision.nl\/de\/product\/esschert-design-gartenseife\/","url":"https:\/\/trendsandvision.nl\/de\/product\/esschert-design-gartenseife\/","name":"Esschert Design Gartenseife (GT28, 8714982030727) - Trends & Vision","isPartOf":{"@id":"https:\/\/trendsandvision.nl\/de\/#website"},"primaryImageOfPage":{"@id":"https:\/\/trendsandvision.nl\/de\/product\/esschert-design-gartenseife\/#primaryimage"},"image":{"@id":"https:\/\/trendsandvision.nl\/de\/product\/esschert-design-gartenseife\/#primaryimage"},"thumbnailUrl":"https:\/\/trendsandvision.nl\/de\/wp-content\/uploads\/sites\/3\/2022\/04\/GT28_01.jpg","datePublished":"2022-04-22T16:30:16+00:00","dateModified":"2026-04-22T13:06:27+00:00","description":"Esschert Design Gartenseife: Gartenseife mit gemalenen Bimstein um die Hände grundlich zu reinigen. Dieser Seife enthält pflanzli","breadcrumb":{"@id":"https:\/\/trendsandvision.nl\/de\/product\/esschert-design-gartenseife\/#breadcrumb"},"inLanguage":"de","potentialAction":[{"@type":"ReadAction","target":["https:\/\/trendsandvision.nl\/de\/product\/esschert-design-gartenseife\/"]}]},{"@type":"ImageObject","inLanguage":"de","@id":"https:\/\/trendsandvision.nl\/de\/product\/esschert-design-gartenseife\/#primaryimage","url":"https:\/\/trendsandvision.nl\/de\/wp-content\/uploads\/sites\/3\/2022\/04\/GT28_01.jpg","contentUrl":"https:\/\/trendsandvision.nl\/de\/wp-content\/uploads\/sites\/3\/2022\/04\/GT28_01.jpg","width":800,"height":800,"caption":"Esschert Design Gartenseife (GT28"},{"@type":"BreadcrumbList","@id":"https:\/\/trendsandvision.nl\/de\/product\/esschert-design-gartenseife\/#breadcrumb","itemListElement":[{"@type":"ListItem","position":1,"name":"Home","item":"https:\/\/trendsandvision.nl\/de\/"},{"@type":"ListItem","position":2,"name":"Geschäft","item":"https:\/\/trendsandvision.nl\/de\/geschaft\/"},{"@type":"ListItem","position":3,"name":"Esschert Design Gartenseife"}]},{"@type":"WebSite","@id":"https:\/\/trendsandvision.nl\/de\/#website","url":"https:\/\/trendsandvision.nl\/de\/","name":"Trends &amp; Vision (DE)","description":"Der Webshop für Esschert Design Artikel","publisher":{"@id":"https:\/\/trendsandvision.nl\/de\/#organization"},"potentialAction":[{"@type":"SearchAction","target":{"@type":"EntryPoint","urlTemplate":"https:\/\/trendsandvision.nl\/de\/?s={search_term_string}"},"query-input":{"@type":"PropertyValueSpecification","valueRequired":true,"valueName":"search_term_string"}}],"inLanguage":"de"},{"@type":"Organization","@id":"https:\/\/trendsandvision.nl\/de\/#organization","name":"Trends &amp; Vision (DE)","url":"https:\/\/trendsandvision.nl\/de\/","logo":{"@type":"ImageObject","inLanguage":"de","@id":"https:\/\/trendsandvision.nl\/de\/#\/schema\/logo\/image\/","url":"https:\/\/trendsandvision.nl\/de\/wp-content\/uploads\/sites\/3\/2022\/04\/trends-and-vision-logo.jpg","contentUrl":"https:\/\/trendsandvision.nl\/de\/wp-content\/uploads\/sites\/3\/2022\/04\/trends-and-vision-logo.jpg","width":213,"height":100,"caption":"Trends &amp; Vision (DE)"},"image":{"@id":"https:\/\/trendsandvision.nl\/de\/#\/schema\/logo\/image\/"}}]}</script>
<!-- / Yoast SEO Premium plugin. -->

Esschert Design Gartenseife: Gartenseife mit gemalenen Bimstein um die Hände grundlich zu reinigen. Dieser Seife enthält pflanzli

Geschäft

Der Webshop für Esschert Design Artikel
