{"id":10659,"date":"2023-08-01T10:29:47","date_gmt":"2023-08-01T08:29:47","guid":{"rendered":"https:\/\/trendsandvision.nl\/de\/product\/esschert-design-schw-sonnenblumenkerne-13kg-eimer\/"},"modified":"2026-04-22T15:00:02","modified_gmt":"2026-04-22T13:00:02","slug":"esschert-design-schw-sonnenblumenkerne-13kg-eimer","status":"publish","type":"product","link":"https:\/\/trendsandvision.nl\/de\/product\/esschert-design-schw-sonnenblumenkerne-13kg-eimer\/","title":{"rendered":"Esschert Design Schw. Sonnenblumenkerne 1,3kg Eimer"},"content":{"rendered":"<p>Esschert Design Schwarze Sonnenblumenkerne 1,3 kg Eimer<\/p>\n<p>Das Nahrungsangebot f\u00fcr V\u00f6gel wird immer knapper und verschiedene Vogelarten werden daher immer seltener.<br \/>\nIm Fr\u00fchling sind die V\u00f6gel sehr besch\u00e4ftigt. Zuerst suchen sie einen Partner, dann einen Wohnort, legen Eier und ziehen Junge gro\u00df.<br \/>\nIm Sommer beginnt die Mauser und sie bekommen ein neues Fell.<br \/>\nIm Herbst bereiten sie sich auf den Winter vor und im Winter ben\u00f6tigen V\u00f6gel mehr Fett, um sich warm zu halten.<br \/>\nIn einer kalten Nacht k\u00f6nnen sie bis zu 10 % ihres K\u00f6rpergewichts verlieren.<br \/>\nSchwarze Sonnenblumenkerne enthalten einen hohen \u00d6lanteil und versorgen die V\u00f6gel mit Futter mit hohem Kalorien- und Energiewert.<br \/>\nSie k\u00f6nnen das ganze Jahr \u00fcber gef\u00fcttert werden.<\/p>\n<p>\u2013 energisch<br \/>\n\u2013 Von den V\u00f6geln leicht zu sch\u00e4len<br \/>\n\u2013 in Europa angebaut<br \/>\n\u2013 recycelbare und wiederverschlie\u00dfbare Verpackung<\/p>\n","protected":false},"excerpt":{"rendered":"<p>&#8211; FB931<br \/>\n\u2013 energisch<br \/>\n\u2013 Von den V\u00f6geln leicht zu sch\u00e4len<br \/>\n\u2013 in Europa angebaut<br \/>\n\u2013 recycelbare und wiederverschlie\u00dfbare Verpackung<\/p>\n","protected":false},"featured_media":12151,"template":"","meta":[],"product_brand":[9597,9598],"product_cat":[1315],"product_tag":[7151,8609,6714,7845],"class_list":{"0":"post-10659","1":"product","2":"type-product","3":"status-publish","4":"has-post-thumbnail","6":"product_brand-esschert-design","7":"product_brand-trends-and-vision","8":"product_cat-best-for-birds","9":"product_tag-sonnenblumenkerne","10":"product_tag-unterstuetzend","11":"product_tag-voegel","12":"product_tag-wiederverschliessbar","13":"pa_anbieter-esschert-design","14":"pa_ean-code-5833","15":"pa_messungen-200x200x156-cm","17":"first","18":"instock","19":"sale","20":"taxable","21":"shipping-taxable","22":"purchasable","23":"product-type-simple","24":"czr-hentry"},"yoast_head":"<!-- This site is optimized with the Yoast SEO Premium plugin v27.4 (Yoast SEO v27.5) - https:\/\/yoast.com\/product\/yoast-seo-premium-wordpress\/ -->\n<title>Esschert Design Schw. Sonnenblumenkerne 1,3kg Eimer (FB931 8714982249570)<\/title>\n<meta name=\"description\" content=\"Esschert Design Schw. Sonnenblumenkerne 1,3kg Eimer - 0...\" \/>\n<meta name=\"robots\" content=\"index, follow, max-snippet:-1, max-image-preview:large, max-video-preview:-1\" \/>\n<link rel=\"canonical\" href=\"https:\/\/trendsandvision.nl\/de\/product\/esschert-design-schw-sonnenblumenkerne-13kg-eimer\/\" \/>\n<meta property=\"og:locale\" content=\"de_DE\" \/>\n<meta property=\"og:type\" content=\"article\" \/>\n<meta property=\"og:title\" content=\"Esschert Design Schw. Sonnenblumenkerne 1,3kg Eimer\" \/>\n<meta property=\"og:description\" content=\"Esschert Design Schw. Sonnenblumenkerne 1,3kg Eimer - 0...\" \/>\n<meta property=\"og:url\" content=\"https:\/\/trendsandvision.nl\/de\/product\/esschert-design-schw-sonnenblumenkerne-13kg-eimer\/\" \/>\n<meta property=\"og:site_name\" content=\"Trends &amp; Vision (DE)\" \/>\n<meta property=\"article:modified_time\" content=\"2026-04-22T13:00:02+00:00\" \/>\n<meta property=\"og:image\" content=\"https:\/\/trendsandvision.nl\/de\/wp-content\/uploads\/sites\/3\/2024\/07\/FB931_01.jpg\" \/>\n\t<meta property=\"og:image:width\" content=\"800\" \/>\n\t<meta property=\"og:image:height\" content=\"800\" \/>\n\t<meta property=\"og:image:type\" content=\"image\/jpeg\" \/>\n<meta name=\"twitter:card\" content=\"summary_large_image\" \/>\n<meta name=\"twitter:label1\" content=\"Gesch\u00e4tzte Lesezeit\" \/>\n\t<meta name=\"twitter:data1\" content=\"1\u00a0Minute\" \/>\n<script type=\"application\/ld+json\" class=\"yoast-schema-graph\">{\"@context\":\"https:\\\/\\\/schema.org\",\"@graph\":[{\"@type\":\"WebPage\",\"@id\":\"https:\\\/\\\/trendsandvision.nl\\\/de\\\/product\\\/esschert-design-schw-sonnenblumenkerne-13kg-eimer\\\/\",\"url\":\"https:\\\/\\\/trendsandvision.nl\\\/de\\\/product\\\/esschert-design-schw-sonnenblumenkerne-13kg-eimer\\\/\",\"name\":\"Esschert Design Schw. Sonnenblumenkerne 1,3kg Eimer (FB931 8714982249570)\",\"isPartOf\":{\"@id\":\"https:\\\/\\\/trendsandvision.nl\\\/de\\\/#website\"},\"primaryImageOfPage\":{\"@id\":\"https:\\\/\\\/trendsandvision.nl\\\/de\\\/product\\\/esschert-design-schw-sonnenblumenkerne-13kg-eimer\\\/#primaryimage\"},\"image\":{\"@id\":\"https:\\\/\\\/trendsandvision.nl\\\/de\\\/product\\\/esschert-design-schw-sonnenblumenkerne-13kg-eimer\\\/#primaryimage\"},\"thumbnailUrl\":\"https:\\\/\\\/trendsandvision.nl\\\/de\\\/wp-content\\\/uploads\\\/sites\\\/3\\\/2024\\\/07\\\/FB931_01.jpg\",\"datePublished\":\"2023-08-01T08:29:47+00:00\",\"dateModified\":\"2026-04-22T13:00:02+00:00\",\"description\":\"Esschert Design Schw. Sonnenblumenkerne 1,3kg Eimer - 0...\",\"breadcrumb\":{\"@id\":\"https:\\\/\\\/trendsandvision.nl\\\/de\\\/product\\\/esschert-design-schw-sonnenblumenkerne-13kg-eimer\\\/#breadcrumb\"},\"inLanguage\":\"de\",\"potentialAction\":[{\"@type\":\"ReadAction\",\"target\":[\"https:\\\/\\\/trendsandvision.nl\\\/de\\\/product\\\/esschert-design-schw-sonnenblumenkerne-13kg-eimer\\\/\"]}]},{\"@type\":\"ImageObject\",\"inLanguage\":\"de\",\"@id\":\"https:\\\/\\\/trendsandvision.nl\\\/de\\\/product\\\/esschert-design-schw-sonnenblumenkerne-13kg-eimer\\\/#primaryimage\",\"url\":\"https:\\\/\\\/trendsandvision.nl\\\/de\\\/wp-content\\\/uploads\\\/sites\\\/3\\\/2024\\\/07\\\/FB931_01.jpg\",\"contentUrl\":\"https:\\\/\\\/trendsandvision.nl\\\/de\\\/wp-content\\\/uploads\\\/sites\\\/3\\\/2024\\\/07\\\/FB931_01.jpg\",\"width\":800,\"height\":800,\"caption\":\"Esschert Design FB931\"},{\"@type\":\"BreadcrumbList\",\"@id\":\"https:\\\/\\\/trendsandvision.nl\\\/de\\\/product\\\/esschert-design-schw-sonnenblumenkerne-13kg-eimer\\\/#breadcrumb\",\"itemListElement\":[{\"@type\":\"ListItem\",\"position\":1,\"name\":\"Home\",\"item\":\"https:\\\/\\\/trendsandvision.nl\\\/de\\\/\"},{\"@type\":\"ListItem\",\"position\":2,\"name\":\"Gesch\u00e4ft\",\"item\":\"https:\\\/\\\/trendsandvision.nl\\\/de\\\/geschaft\\\/\"},{\"@type\":\"ListItem\",\"position\":3,\"name\":\"Esschert Design Schw. Sonnenblumenkerne 1,3kg Eimer\"}]},{\"@type\":\"WebSite\",\"@id\":\"https:\\\/\\\/trendsandvision.nl\\\/de\\\/#website\",\"url\":\"https:\\\/\\\/trendsandvision.nl\\\/de\\\/\",\"name\":\"Trends &amp; Vision (DE)\",\"description\":\"Der Webshop f\u00fcr Esschert Design Artikel\",\"publisher\":{\"@id\":\"https:\\\/\\\/trendsandvision.nl\\\/de\\\/#organization\"},\"potentialAction\":[{\"@type\":\"SearchAction\",\"target\":{\"@type\":\"EntryPoint\",\"urlTemplate\":\"https:\\\/\\\/trendsandvision.nl\\\/de\\\/?s={search_term_string}\"},\"query-input\":{\"@type\":\"PropertyValueSpecification\",\"valueRequired\":true,\"valueName\":\"search_term_string\"}}],\"inLanguage\":\"de\"},{\"@type\":\"Organization\",\"@id\":\"https:\\\/\\\/trendsandvision.nl\\\/de\\\/#organization\",\"name\":\"Trends &amp; Vision (DE)\",\"url\":\"https:\\\/\\\/trendsandvision.nl\\\/de\\\/\",\"logo\":{\"@type\":\"ImageObject\",\"inLanguage\":\"de\",\"@id\":\"https:\\\/\\\/trendsandvision.nl\\\/de\\\/#\\\/schema\\\/logo\\\/image\\\/\",\"url\":\"https:\\\/\\\/trendsandvision.nl\\\/de\\\/wp-content\\\/uploads\\\/sites\\\/3\\\/2022\\\/04\\\/trends-and-vision-logo.jpg\",\"contentUrl\":\"https:\\\/\\\/trendsandvision.nl\\\/de\\\/wp-content\\\/uploads\\\/sites\\\/3\\\/2022\\\/04\\\/trends-and-vision-logo.jpg\",\"width\":213,\"height\":100,\"caption\":\"Trends &amp; Vision (DE)\"},\"image\":{\"@id\":\"https:\\\/\\\/trendsandvision.nl\\\/de\\\/#\\\/schema\\\/logo\\\/image\\\/\"}}]}<\/script>\n<!-- \/ Yoast SEO Premium plugin. -->","yoast_head_json":{"title":"Esschert Design Schw. Sonnenblumenkerne 1,3kg Eimer (FB931 8714982249570)","description":"Esschert Design Schw. Sonnenblumenkerne 1,3kg Eimer - 0...","robots":{"index":"index","follow":"follow","max-snippet":"max-snippet:-1","max-image-preview":"max-image-preview:large","max-video-preview":"max-video-preview:-1"},"canonical":"https:\/\/trendsandvision.nl\/de\/product\/esschert-design-schw-sonnenblumenkerne-13kg-eimer\/","og_locale":"de_DE","og_type":"article","og_title":"Esschert Design Schw. Sonnenblumenkerne 1,3kg Eimer","og_description":"Esschert Design Schw. Sonnenblumenkerne 1,3kg Eimer - 0...","og_url":"https:\/\/trendsandvision.nl\/de\/product\/esschert-design-schw-sonnenblumenkerne-13kg-eimer\/","og_site_name":"Trends &amp; Vision (DE)","article_modified_time":"2026-04-22T13:00:02+00:00","og_image":[{"width":800,"height":800,"url":"https:\/\/trendsandvision.nl\/de\/wp-content\/uploads\/sites\/3\/2024\/07\/FB931_01.jpg","type":"image\/jpeg"}],"twitter_card":"summary_large_image","twitter_misc":{"Gesch\u00e4tzte Lesezeit":"1\u00a0Minute"},"schema":{"@context":"https:\/\/schema.org","@graph":[{"@type":"WebPage","@id":"https:\/\/trendsandvision.nl\/de\/product\/esschert-design-schw-sonnenblumenkerne-13kg-eimer\/","url":"https:\/\/trendsandvision.nl\/de\/product\/esschert-design-schw-sonnenblumenkerne-13kg-eimer\/","name":"Esschert Design Schw. Sonnenblumenkerne 1,3kg Eimer (FB931 8714982249570)","isPartOf":{"@id":"https:\/\/trendsandvision.nl\/de\/#website"},"primaryImageOfPage":{"@id":"https:\/\/trendsandvision.nl\/de\/product\/esschert-design-schw-sonnenblumenkerne-13kg-eimer\/#primaryimage"},"image":{"@id":"https:\/\/trendsandvision.nl\/de\/product\/esschert-design-schw-sonnenblumenkerne-13kg-eimer\/#primaryimage"},"thumbnailUrl":"https:\/\/trendsandvision.nl\/de\/wp-content\/uploads\/sites\/3\/2024\/07\/FB931_01.jpg","datePublished":"2023-08-01T08:29:47+00:00","dateModified":"2026-04-22T13:00:02+00:00","description":"Esschert Design Schw. Sonnenblumenkerne 1,3kg Eimer - 0...","breadcrumb":{"@id":"https:\/\/trendsandvision.nl\/de\/product\/esschert-design-schw-sonnenblumenkerne-13kg-eimer\/#breadcrumb"},"inLanguage":"de","potentialAction":[{"@type":"ReadAction","target":["https:\/\/trendsandvision.nl\/de\/product\/esschert-design-schw-sonnenblumenkerne-13kg-eimer\/"]}]},{"@type":"ImageObject","inLanguage":"de","@id":"https:\/\/trendsandvision.nl\/de\/product\/esschert-design-schw-sonnenblumenkerne-13kg-eimer\/#primaryimage","url":"https:\/\/trendsandvision.nl\/de\/wp-content\/uploads\/sites\/3\/2024\/07\/FB931_01.jpg","contentUrl":"https:\/\/trendsandvision.nl\/de\/wp-content\/uploads\/sites\/3\/2024\/07\/FB931_01.jpg","width":800,"height":800,"caption":"Esschert Design FB931"},{"@type":"BreadcrumbList","@id":"https:\/\/trendsandvision.nl\/de\/product\/esschert-design-schw-sonnenblumenkerne-13kg-eimer\/#breadcrumb","itemListElement":[{"@type":"ListItem","position":1,"name":"Home","item":"https:\/\/trendsandvision.nl\/de\/"},{"@type":"ListItem","position":2,"name":"Gesch\u00e4ft","item":"https:\/\/trendsandvision.nl\/de\/geschaft\/"},{"@type":"ListItem","position":3,"name":"Esschert Design Schw. Sonnenblumenkerne 1,3kg Eimer"}]},{"@type":"WebSite","@id":"https:\/\/trendsandvision.nl\/de\/#website","url":"https:\/\/trendsandvision.nl\/de\/","name":"Trends &amp; Vision (DE)","description":"Der Webshop f\u00fcr Esschert Design Artikel","publisher":{"@id":"https:\/\/trendsandvision.nl\/de\/#organization"},"potentialAction":[{"@type":"SearchAction","target":{"@type":"EntryPoint","urlTemplate":"https:\/\/trendsandvision.nl\/de\/?s={search_term_string}"},"query-input":{"@type":"PropertyValueSpecification","valueRequired":true,"valueName":"search_term_string"}}],"inLanguage":"de"},{"@type":"Organization","@id":"https:\/\/trendsandvision.nl\/de\/#organization","name":"Trends &amp; Vision (DE)","url":"https:\/\/trendsandvision.nl\/de\/","logo":{"@type":"ImageObject","inLanguage":"de","@id":"https:\/\/trendsandvision.nl\/de\/#\/schema\/logo\/image\/","url":"https:\/\/trendsandvision.nl\/de\/wp-content\/uploads\/sites\/3\/2022\/04\/trends-and-vision-logo.jpg","contentUrl":"https:\/\/trendsandvision.nl\/de\/wp-content\/uploads\/sites\/3\/2022\/04\/trends-and-vision-logo.jpg","width":213,"height":100,"caption":"Trends &amp; Vision (DE)"},"image":{"@id":"https:\/\/trendsandvision.nl\/de\/#\/schema\/logo\/image\/"}}]}},"_links":{"self":[{"href":"https:\/\/trendsandvision.nl\/de\/wp-json\/wp\/v2\/product\/10659","targetHints":{"allow":["GET"]}}],"collection":[{"href":"https:\/\/trendsandvision.nl\/de\/wp-json\/wp\/v2\/product"}],"about":[{"href":"https:\/\/trendsandvision.nl\/de\/wp-json\/wp\/v2\/types\/product"}],"wp:featuredmedia":[{"embeddable":true,"href":"https:\/\/trendsandvision.nl\/de\/wp-json\/wp\/v2\/media\/12151"}],"wp:attachment":[{"href":"https:\/\/trendsandvision.nl\/de\/wp-json\/wp\/v2\/media?parent=10659"}],"wp:term":[{"taxonomy":"product_brand","embeddable":true,"href":"https:\/\/trendsandvision.nl\/de\/wp-json\/wp\/v2\/product_brand?post=10659"},{"taxonomy":"product_cat","embeddable":true,"href":"https:\/\/trendsandvision.nl\/de\/wp-json\/wp\/v2\/product_cat?post=10659"},{"taxonomy":"product_tag","embeddable":true,"href":"https:\/\/trendsandvision.nl\/de\/wp-json\/wp\/v2\/product_tag?post=10659"}],"curies":[{"name":"wp","href":"https:\/\/api.w.org\/{rel}","templated":true}]}}

<p>Esschert Design Schwarze Sonnenblumenkerne 1,3 kg Eimer</p>
<p>Das Nahrungsangebot für Vögel wird immer knapper und verschiedene Vogelarten werden daher immer seltener.<br />
Im Frühling sind die Vögel sehr beschäftigt. Zuerst suchen sie einen Partner, dann einen Wohnort, legen Eier und ziehen Junge groß.<br />
Im Sommer beginnt die Mauser und sie bekommen ein neues Fell.<br />
Im Herbst bereiten sie sich auf den Winter vor und im Winter benötigen Vögel mehr Fett, um sich warm zu halten.<br />
In einer kalten Nacht können sie bis zu 10 % ihres Körpergewichts verlieren.<br />
Schwarze Sonnenblumenkerne enthalten einen hohen Ölanteil und versorgen die Vögel mit Futter mit hohem Kalorien- und Energiewert.<br />
Sie können das ganze Jahr über gefüttert werden.</p>
<p>– energisch<br />
– Von den Vögeln leicht zu schälen<br />
– in Europa angebaut<br />
– recycelbare und wiederverschließbare Verpackung</p>

<p>&#8211; FB931<br />
– energisch<br />
– Von den Vögeln leicht zu schälen<br />
– in Europa angebaut<br />
– recycelbare und wiederverschließbare Verpackung</p>

<!-- This site is optimized with the Yoast SEO Premium plugin v27.4 (Yoast SEO v27.5) - https://yoast.com/product/yoast-seo-premium-wordpress/ -->
<title>Esschert Design Schw. Sonnenblumenkerne 1,3kg Eimer (FB931 8714982249570)</title>
<meta name="description" content="Esschert Design Schw. Sonnenblumenkerne 1,3kg Eimer - 0..." />
<meta name="robots" content="index, follow, max-snippet:-1, max-image-preview:large, max-video-preview:-1" />
<link rel="canonical" href="https://trendsandvision.nl/de/product/esschert-design-schw-sonnenblumenkerne-13kg-eimer/" />
<meta property="og:locale" content="de_DE" />
<meta property="og:type" content="article" />
<meta property="og:title" content="Esschert Design Schw. Sonnenblumenkerne 1,3kg Eimer" />
<meta property="og:description" content="Esschert Design Schw. Sonnenblumenkerne 1,3kg Eimer - 0..." />
<meta property="og:url" content="https://trendsandvision.nl/de/product/esschert-design-schw-sonnenblumenkerne-13kg-eimer/" />
<meta property="og:site_name" content="Trends &amp; Vision (DE)" />
<meta property="article:modified_time" content="2026-04-22T13:00:02+00:00" />
<meta property="og:image" content="https://trendsandvision.nl/de/wp-content/uploads/sites/3/2024/07/FB931_01.jpg" />
	<meta property="og:image:width" content="800" />
	<meta property="og:image:height" content="800" />
	<meta property="og:image:type" content="image/jpeg" />
<meta name="twitter:card" content="summary_large_image" />
<meta name="twitter:label1" content="Geschätzte Lesezeit" />
	<meta name="twitter:data1" content="1 Minute" />
<script type="application/ld+json" class="yoast-schema-graph">{"@context":"https:\/\/schema.org","@graph":[{"@type":"WebPage","@id":"https:\/\/trendsandvision.nl\/de\/product\/esschert-design-schw-sonnenblumenkerne-13kg-eimer\/","url":"https:\/\/trendsandvision.nl\/de\/product\/esschert-design-schw-sonnenblumenkerne-13kg-eimer\/","name":"Esschert Design Schw. Sonnenblumenkerne 1,3kg Eimer (FB931 8714982249570)","isPartOf":{"@id":"https:\/\/trendsandvision.nl\/de\/#website"},"primaryImageOfPage":{"@id":"https:\/\/trendsandvision.nl\/de\/product\/esschert-design-schw-sonnenblumenkerne-13kg-eimer\/#primaryimage"},"image":{"@id":"https:\/\/trendsandvision.nl\/de\/product\/esschert-design-schw-sonnenblumenkerne-13kg-eimer\/#primaryimage"},"thumbnailUrl":"https:\/\/trendsandvision.nl\/de\/wp-content\/uploads\/sites\/3\/2024\/07\/FB931_01.jpg","datePublished":"2023-08-01T08:29:47+00:00","dateModified":"2026-04-22T13:00:02+00:00","description":"Esschert Design Schw. Sonnenblumenkerne 1,3kg Eimer - 0...","breadcrumb":{"@id":"https:\/\/trendsandvision.nl\/de\/product\/esschert-design-schw-sonnenblumenkerne-13kg-eimer\/#breadcrumb"},"inLanguage":"de","potentialAction":[{"@type":"ReadAction","target":["https:\/\/trendsandvision.nl\/de\/product\/esschert-design-schw-sonnenblumenkerne-13kg-eimer\/"]}]},{"@type":"ImageObject","inLanguage":"de","@id":"https:\/\/trendsandvision.nl\/de\/product\/esschert-design-schw-sonnenblumenkerne-13kg-eimer\/#primaryimage","url":"https:\/\/trendsandvision.nl\/de\/wp-content\/uploads\/sites\/3\/2024\/07\/FB931_01.jpg","contentUrl":"https:\/\/trendsandvision.nl\/de\/wp-content\/uploads\/sites\/3\/2024\/07\/FB931_01.jpg","width":800,"height":800,"caption":"Esschert Design FB931"},{"@type":"BreadcrumbList","@id":"https:\/\/trendsandvision.nl\/de\/product\/esschert-design-schw-sonnenblumenkerne-13kg-eimer\/#breadcrumb","itemListElement":[{"@type":"ListItem","position":1,"name":"Home","item":"https:\/\/trendsandvision.nl\/de\/"},{"@type":"ListItem","position":2,"name":"Geschäft","item":"https:\/\/trendsandvision.nl\/de\/geschaft\/"},{"@type":"ListItem","position":3,"name":"Esschert Design Schw. Sonnenblumenkerne 1,3kg Eimer"}]},{"@type":"WebSite","@id":"https:\/\/trendsandvision.nl\/de\/#website","url":"https:\/\/trendsandvision.nl\/de\/","name":"Trends &amp; Vision (DE)","description":"Der Webshop für Esschert Design Artikel","publisher":{"@id":"https:\/\/trendsandvision.nl\/de\/#organization"},"potentialAction":[{"@type":"SearchAction","target":{"@type":"EntryPoint","urlTemplate":"https:\/\/trendsandvision.nl\/de\/?s={search_term_string}"},"query-input":{"@type":"PropertyValueSpecification","valueRequired":true,"valueName":"search_term_string"}}],"inLanguage":"de"},{"@type":"Organization","@id":"https:\/\/trendsandvision.nl\/de\/#organization","name":"Trends &amp; Vision (DE)","url":"https:\/\/trendsandvision.nl\/de\/","logo":{"@type":"ImageObject","inLanguage":"de","@id":"https:\/\/trendsandvision.nl\/de\/#\/schema\/logo\/image\/","url":"https:\/\/trendsandvision.nl\/de\/wp-content\/uploads\/sites\/3\/2022\/04\/trends-and-vision-logo.jpg","contentUrl":"https:\/\/trendsandvision.nl\/de\/wp-content\/uploads\/sites\/3\/2022\/04\/trends-and-vision-logo.jpg","width":213,"height":100,"caption":"Trends &amp; Vision (DE)"},"image":{"@id":"https:\/\/trendsandvision.nl\/de\/#\/schema\/logo\/image\/"}}]}</script>
<!-- / Yoast SEO Premium plugin. -->

Geschäft

Der Webshop für Esschert Design Artikel
